Last updated on 2024-06-14 05:00:10 CEST.
Flavor | Version | Tinstall | Tcheck | Ttotal | Status | Flags |
---|---|---|---|---|---|---|
r-devel-linux-x86_64-debian-clang | 0.2-0 | 3.61 | 35.38 | 38.99 | OK | |
r-devel-linux-x86_64-debian-gcc | 0.2-0 | 0.33 | 1.69 | 2.02 | ERROR | |
r-devel-linux-x86_64-fedora-clang | 0.2-0 | 51.49 | OK | |||
r-devel-linux-x86_64-fedora-gcc | 0.2-0 | 45.81 | OK | |||
r-devel-windows-x86_64 | 0.2-0 | 4.00 | 48.00 | 52.00 | OK | |
r-patched-linux-x86_64 | 0.2-0 | 3.99 | 34.74 | 38.73 | OK | |
r-release-linux-x86_64 | 0.2-0 | 3.63 | 34.07 | 37.70 | OK | |
r-release-macos-arm64 | 0.2-0 | 19.00 | OK | |||
r-release-macos-x86_64 | 0.2-0 | 29.00 | OK | |||
r-release-windows-x86_64 | 0.2-0 | 5.00 | 49.00 | 54.00 | OK | |
r-oldrel-macos-arm64 | 0.2-0 | 21.00 | OK | |||
r-oldrel-macos-x86_64 | 0.2-0 | 29.00 | OK | |||
r-oldrel-windows-x86_64 | 0.2-0 | 6.00 | 52.00 | 58.00 | OK |
Version: 0.2-0
Check: package dependencies
Result: ERROR
Package required but not available: ‘readODS’
See section ‘The DESCRIPTION file’ in the ‘Writing R Extensions’
manual.
Flavor: r-devel-linux-x86_64-debian-gcc