Last updated on 2024-05-16 06:12:20 CEST.
Flavor | Version | Tinstall | Tcheck | Ttotal | Status | Flags |
---|---|---|---|---|---|---|
r-devel-linux-x86_64-debian-clang | 1.9.7 | 13.34 | 61.06 | 74.40 | OK | |
r-devel-linux-x86_64-debian-gcc | 1.9.7 | 10.59 | 45.88 | 56.47 | OK | |
r-devel-linux-x86_64-fedora-clang | 1.9.7 | 93.44 | NOTE | |||
r-devel-linux-x86_64-fedora-gcc | 1.9.7 | 89.46 | NOTE | |||
r-devel-windows-x86_64 | 1.9.7 | 13.00 | 64.00 | 77.00 | OK | |
r-patched-linux-x86_64 | 1.9.7 | 13.78 | 57.81 | 71.59 | OK | |
r-release-linux-x86_64 | 1.9.7 | 13.39 | 57.43 | 70.82 | OK | |
r-release-macos-arm64 | 1.9.7 | 32.00 | OK | |||
r-release-windows-x86_64 | 1.9.7 | 13.00 | 64.00 | 77.00 | OK | |
r-oldrel-macos-arm64 | 1.9.7 | 34.00 | OK | |||
r-oldrel-macos-x86_64 | 1.9.7 | 68.00 | OK | |||
r-oldrel-windows-x86_64 | 1.9.7 | 17.00 | 71.00 | 88.00 | OK |
Version: 1.9.7
Check: data for non-ASCII characters
Result: NOTE
Note: found 8 marked Latin-1 strings
Flavors: r-devel-linux-x86_64-fedora-clang, r-devel-linux-x86_64-fedora-gcc