Last updated on 2024-05-16 06:12:22 CEST.
Flavor | Version | Tinstall | Tcheck | Ttotal | Status | Flags |
---|---|---|---|---|---|---|
r-devel-linux-x86_64-debian-clang | 0.1.3 | 8.66 | 533.14 | 541.80 | NOTE | |
r-devel-linux-x86_64-debian-gcc | 0.1.3 | 0.24 | 1.56 | 1.80 | ERROR | |
r-devel-linux-x86_64-fedora-clang | 0.1.3 | 455.02 | NOTE | |||
r-devel-linux-x86_64-fedora-gcc | 0.1.3 | 577.34 | NOTE | |||
r-devel-windows-x86_64 | 0.1.3 | 11.00 | 379.00 | 390.00 | NOTE | |
r-patched-linux-x86_64 | 0.1.3 | 13.30 | 489.94 | 503.24 | NOTE | |
r-release-linux-x86_64 | 0.1.3 | 10.25 | 498.43 | 508.68 | NOTE | |
r-release-macos-arm64 | 0.1.3 | 142.00 | NOTE | |||
r-release-windows-x86_64 | 0.1.3 | 11.00 | 386.00 | 397.00 | NOTE | |
r-oldrel-macos-arm64 | 0.1.3 | 151.00 | OK | |||
r-oldrel-macos-x86_64 | 0.1.3 | 258.00 | OK | |||
r-oldrel-windows-x86_64 | 0.1.3 | 14.00 | 530.00 | 544.00 | OK |
Version: 0.1.3
Check: Rd files
Result: NOTE
checkRd: (-1) metrics.Rd:124: Lost braces
124 | Avg = 0.5 (sum | P_i - Q_i| + max{ | P_i - Q_i |})
| ^
Flavors: r-devel-linux-x86_64-debian-clang, r-devel-linux-x86_64-fedora-clang, r-devel-linux-x86_64-fedora-gcc, r-devel-windows-x86_64, r-patched-linux-x86_64, r-release-linux-x86_64, r-release-macos-arm64, r-release-windows-x86_64
Version: 0.1.3
Check: package dependencies
Result: ERROR
Package required but not available: ‘bio3d’
See section ‘The DESCRIPTION file’ in the ‘Writing R Extensions’
manual.
Flavor: r-devel-linux-x86_64-debian-gcc