Last updated on 2024-05-21 05:00:57 CEST.
Flavor | Version | Tinstall | Tcheck | Ttotal | Status | Flags |
---|---|---|---|---|---|---|
r-devel-linux-x86_64-debian-clang | 2.3.6 | 21.90 | 173.12 | 195.02 | NOTE | |
r-devel-linux-x86_64-debian-gcc | 2.3.6 | 17.80 | 122.54 | 140.34 | NOTE | |
r-devel-linux-x86_64-fedora-clang | 2.3.6 | 235.84 | NOTE | |||
r-devel-linux-x86_64-fedora-gcc | 2.3.6 | 246.20 | NOTE | |||
r-devel-windows-x86_64 | 2.3.6 | 25.00 | 214.00 | 239.00 | NOTE | |
r-patched-linux-x86_64 | 2.3.6 | 21.37 | 168.57 | 189.94 | NOTE | |
r-release-linux-x86_64 | 2.3.6 | 16.97 | 172.52 | 189.49 | NOTE | |
r-release-macos-arm64 | 2.3.6 | 73.00 | NOTE | |||
r-release-windows-x86_64 | 2.3.6 | 25.00 | 217.00 | 242.00 | NOTE | |
r-oldrel-macos-arm64 | 2.3.6 | 101.00 | NOTE | |||
r-oldrel-macos-x86_64 | 2.3.6 | 173.00 | NOTE | |||
r-oldrel-windows-x86_64 | 2.3.6 | 31.00 | 242.00 | 273.00 | NOTE |
Version: 2.3.6
Check: Rd files
Result: NOTE
checkRd: (-1) Ch0C-plot.cpd.PwrGSD.Rd:40: Escaped LaTeX specials: \&
checkRd: (-1) Ch17-CRRtoRR.Rd:15: Lost braces; missing escapes or markup?
15 | \ldots, [t_m, t_{m+1})$ then \code{DT} will be c($t_2-t_1,t_3 -t_2,
| ^
checkRd: (-1) Ch17-CRRtoRR.Rd:16: Lost braces; missing escapes or markup?
16 | \ldots, t_{m+1} - t_m )$
| ^
Flavors: r-devel-linux-x86_64-debian-clang, r-devel-linux-x86_64-debian-gcc, r-devel-linux-x86_64-fedora-clang, r-devel-linux-x86_64-fedora-gcc, r-devel-windows-x86_64, r-patched-linux-x86_64, r-release-linux-x86_64, r-release-macos-arm64, r-release-windows-x86_64
Version: 2.3.6
Check: Rd files
Result: NOTE
checkRd: (-1) Ch0C-plot.cpd.PwrGSD.Rd:40: Escaped LaTeX specials: \&
Flavors: r-oldrel-macos-arm64, r-oldrel-macos-x86_64, r-oldrel-windows-x86_64