Last updated on 2024-05-21 05:00:59 CEST.
Flavor | Version | Tinstall | Tcheck | Ttotal | Status | Flags |
---|---|---|---|---|---|---|
r-devel-linux-x86_64-debian-clang | 0.1.5 | 24.42 | 82.28 | 106.70 | OK | |
r-devel-linux-x86_64-debian-gcc | 0.1.5 | 21.26 | 61.38 | 82.64 | OK | |
r-devel-linux-x86_64-fedora-clang | 0.1.5 | 139.27 | NOTE | |||
r-devel-linux-x86_64-fedora-gcc | 0.1.5 | 135.01 | OK | |||
r-devel-windows-x86_64 | 0.1.5 | 23.00 | 94.00 | 117.00 | OK | |
r-patched-linux-x86_64 | 0.1.5 | 27.26 | 77.79 | 105.05 | OK | |
r-release-linux-x86_64 | 0.1.5 | 24.03 | 78.37 | 102.40 | OK | |
r-release-macos-arm64 | 0.1.5 | 39.00 | OK | |||
r-release-windows-x86_64 | 0.1.5 | 24.00 | 95.00 | 119.00 | OK | |
r-oldrel-macos-arm64 | 0.1.5 | 45.00 | OK | |||
r-oldrel-macos-x86_64 | 0.1.5 | 68.00 | OK | |||
r-oldrel-windows-x86_64 | 0.1.5 | 28.00 | 106.00 | 134.00 | OK |
Version: 0.1.5
Check: Rd cross-references
Result: NOTE
Undeclared package ‘scalreg’ in Rd xrefs
Flavor: r-devel-linux-x86_64-fedora-clang