Last updated on 2024-06-01 04:49:36 CEST.
Flavor | Version | Tinstall | Tcheck | Ttotal | Status | Flags |
---|---|---|---|---|---|---|
r-devel-linux-x86_64-debian-clang | 0.0.17 | 75.25 | 32.49 | 107.74 | OK | |
r-devel-linux-x86_64-debian-gcc | 0.0.17 | 63.61 | 25.48 | 89.09 | OK | |
r-devel-linux-x86_64-fedora-clang | 0.0.17 | 133.91 | OK | |||
r-devel-linux-x86_64-fedora-gcc | 0.0.17 | 192.51 | OK | |||
r-devel-windows-x86_64 | 0.0.17 | 68.00 | 78.00 | 146.00 | OK | |
r-patched-linux-x86_64 | 0.0.17 | 72.64 | 32.32 | 104.96 | OK | |
r-release-linux-x86_64 | 0.0.17 | 76.48 | 31.72 | 108.20 | OK | |
r-release-macos-arm64 | 0.0.17 | 72.00 | NOTE | |||
r-release-macos-x86_64 | 0.0.17 | 115.00 | NOTE | |||
r-release-windows-x86_64 | 0.0.17 | 68.00 | 81.00 | 149.00 | OK | |
r-oldrel-macos-arm64 | 0.0.17 | 82.00 | NOTE | |||
r-oldrel-macos-x86_64 | 0.0.17 | 119.00 | NOTE | |||
r-oldrel-windows-x86_64 | 0.0.17 | 72.00 | 88.00 | 160.00 | OK |
Version: 0.0.17
Check: installed package size
Result: NOTE
installed size is 6.8Mb
sub-directories of 1Mb or more:
include 1.1Mb
libs 5.4Mb
Flavors: r-release-macos-arm64, r-release-macos-x86_64, r-oldrel-macos-arm64, r-oldrel-macos-x86_64