Last updated on 2024-05-21 05:01:05 CEST.
Flavor | Version | Tinstall | Tcheck | Ttotal | Status | Flags |
---|---|---|---|---|---|---|
r-devel-linux-x86_64-debian-clang | 1.4.1 | 12.55 | 147.95 | 160.50 | NOTE | |
r-devel-linux-x86_64-debian-gcc | 1.4.1 | 10.79 | 108.32 | 119.11 | NOTE | |
r-devel-linux-x86_64-fedora-clang | 1.4.1 | 195.79 | NOTE | |||
r-devel-linux-x86_64-fedora-gcc | 1.4.1 | 199.71 | NOTE | |||
r-devel-windows-x86_64 | 1.4.1 | 12.00 | 114.00 | 126.00 | NOTE | |
r-patched-linux-x86_64 | 1.4.1 | 24.74 | 134.00 | 158.74 | NOTE | |
r-release-linux-x86_64 | 1.4.1 | 10.56 | 133.43 | 143.99 | NOTE | |
r-release-macos-arm64 | 1.4.1 | 57.00 | NOTE | |||
r-release-windows-x86_64 | 1.4.1 | 12.00 | 116.00 | 128.00 | NOTE | |
r-oldrel-macos-arm64 | 1.4.1 | 62.00 | OK | |||
r-oldrel-macos-x86_64 | 1.4.1 | 100.00 | OK | |||
r-oldrel-windows-x86_64 | 1.4.1 | 16.00 | 142.00 | 158.00 | OK |
Version: 1.4.1
Check: Rd files
Result: NOTE
checkRd: (-1) fit.vfp.Rd:79: Lost braces in \itemize; meant \describe ?
checkRd: (-1) fit.vfp.Rd:80: Lost braces in \itemize; meant \describe ?
checkRd: (-1) fit.vfp.Rd:81: Lost braces in \itemize; meant \describe ?
checkRd: (-1) fit.vfp.Rd:82: Lost braces in \itemize; meant \describe ?
checkRd: (-1) fit.vfp.Rd:83: Lost braces in \itemize; meant \describe ?
checkRd: (-1) fit.vfp.Rd:84: Lost braces in \itemize; meant \describe ?
checkRd: (-1) fit.vfp.Rd:85: Lost braces in \itemize; meant \describe ?
checkRd: (-1) fit.vfp.Rd:86: Lost braces in \itemize; meant \describe ?
checkRd: (-1) fit.vfp.Rd:87: Lost braces in \itemize; meant \describe ?
checkRd: (-1) fit.vfp.Rd:88: Lost braces in \itemize; meant \describe ?
Flavors: r-devel-linux-x86_64-debian-clang, r-devel-linux-x86_64-debian-gcc, r-devel-linux-x86_64-fedora-clang, r-devel-linux-x86_64-fedora-gcc, r-devel-windows-x86_64, r-patched-linux-x86_64, r-release-linux-x86_64, r-release-macos-arm64, r-release-windows-x86_64