Last updated on 2024-05-23 05:57:34 CEST.
Flavor | Version | Tinstall | Tcheck | Ttotal | Status | Flags |
---|---|---|---|---|---|---|
r-devel-linux-x86_64-debian-clang | 1.1.0 | 5.39 | 37.47 | 42.86 | OK | |
r-devel-linux-x86_64-debian-gcc | 1.1.0 | 3.01 | 27.65 | 30.66 | OK | |
r-devel-linux-x86_64-fedora-clang | 1.1.0 | 52.34 | NOTE | |||
r-devel-linux-x86_64-fedora-gcc | 1.1.0 | 47.99 | OK | |||
r-devel-windows-x86_64 | 1.1.0 | 4.00 | 49.00 | 53.00 | OK | |
r-patched-linux-x86_64 | 1.1.0 | 3.86 | 36.00 | 39.86 | OK | |
r-release-linux-x86_64 | 1.1.0 | 5.51 | 35.45 | 40.96 | OK | |
r-release-macos-arm64 | 1.1.0 | 18.00 | OK | |||
r-release-windows-x86_64 | 1.1.0 | 4.00 | 49.00 | 53.00 | OK | |
r-oldrel-macos-arm64 | 1.1.0 | 20.00 | OK | |||
r-oldrel-macos-x86_64 | 1.1.0 | 28.00 | OK | |||
r-oldrel-windows-x86_64 | 1.1.0 | 4.00 | 51.00 | 55.00 | OK |
Version: 1.1.0
Check: Rd cross-references
Result: NOTE
Undeclared package ‘dplyr’ in Rd xrefs
Flavor: r-devel-linux-x86_64-fedora-clang