Last updated on 2024-05-21 05:00:41 CEST.
Flavor | Version | Tinstall | Tcheck | Ttotal | Status | Flags |
---|---|---|---|---|---|---|
r-devel-linux-x86_64-debian-clang | 0.1.0 | 14.95 | 127.26 | 142.21 | NOTE | |
r-devel-linux-x86_64-debian-gcc | 0.1.0 | 10.49 | 92.90 | 103.39 | NOTE | |
r-devel-linux-x86_64-fedora-clang | 0.1.0 | 176.44 | NOTE | |||
r-devel-linux-x86_64-fedora-gcc | 0.1.0 | 174.48 | NOTE | |||
r-devel-windows-x86_64 | 0.1.0 | 16.00 | 107.00 | 123.00 | NOTE | |
r-patched-linux-x86_64 | 0.1.0 | 13.31 | 120.32 | 133.63 | NOTE | |
r-release-linux-x86_64 | 0.1.0 | 13.90 | 118.10 | 132.00 | NOTE | |
r-release-macos-arm64 | 0.1.0 | 53.00 | NOTE | |||
r-release-windows-x86_64 | 0.1.0 | 15.00 | 102.00 | 117.00 | NOTE | |
r-oldrel-macos-arm64 | 0.1.0 | 35.00 | OK | |||
r-oldrel-macos-x86_64 | 0.1.0 | 86.00 | OK | |||
r-oldrel-windows-x86_64 | 0.1.0 | 19.00 | 129.00 | 148.00 | OK |
Version: 0.1.0
Check: Rd files
Result: NOTE
checkRd: (-1) compare_cohorts.Rd:35: Lost braces in \itemize; meant \describe ?
checkRd: (-1) compare_cohorts.Rd:36: Lost braces in \itemize; meant \describe ?
Flavors: r-devel-linux-x86_64-debian-clang, r-devel-linux-x86_64-debian-gcc, r-devel-linux-x86_64-fedora-clang, r-devel-linux-x86_64-fedora-gcc, r-devel-windows-x86_64, r-patched-linux-x86_64, r-release-linux-x86_64, r-release-macos-arm64, r-release-windows-x86_64