Last updated on 2024-05-16 06:12:16 CEST.
Flavor | Version | Tinstall | Tcheck | Ttotal | Status | Flags |
---|---|---|---|---|---|---|
r-devel-linux-x86_64-debian-clang | 1.2-4 | 105.60 | 488.62 | 594.22 | OK | |
r-devel-linux-x86_64-debian-gcc | 1.2-4 | 77.12 | 323.28 | 400.40 | OK | |
r-devel-linux-x86_64-fedora-clang | 1.2-4 | 716.73 | NOTE | |||
r-devel-linux-x86_64-fedora-gcc | 1.2-4 | 685.22 | OK | |||
r-devel-windows-x86_64 | 1.2-4 | 70.00 | 284.00 | 354.00 | OK | |
r-patched-linux-x86_64 | 1.2-4 | 80.74 | 443.23 | 523.97 | OK | |
r-release-linux-x86_64 | 1.2-4 | 72.92 | 444.34 | 517.26 | OK | |
r-release-macos-arm64 | 1.2-4 | 144.00 | NOTE | |||
r-release-macos-x86_64 | 1.2-4 | 440.00 | NOTE | |||
r-release-windows-x86_64 | 1.2-4 | 75.00 | 299.00 | 374.00 | OK | |
r-oldrel-macos-arm64 | 1.2-4 | 142.00 | NOTE | |||
r-oldrel-macos-x86_64 | 1.2-4 | 402.00 | NOTE | |||
r-oldrel-windows-x86_64 | 1.2-4 | 94.00 | 394.00 | 488.00 | OK |
Version: 1.2-4
Check: Rd cross-references
Result: NOTE
Undeclared package ‘akima’ in Rd xrefs
Flavor: r-devel-linux-x86_64-fedora-clang
Version: 1.2-4
Check: installed package size
Result: NOTE
installed size is 5.1Mb
sub-directories of 1Mb or more:
R 3.0Mb
Flavors: r-release-macos-arm64, r-release-macos-x86_64, r-oldrel-macos-arm64, r-oldrel-macos-x86_64