Last updated on 2024-05-04 05:50:18 CEST.
Flavor | Version | Tinstall | Tcheck | Ttotal | Status | Flags |
---|---|---|---|---|---|---|
r-devel-linux-x86_64-debian-clang | 1.4.3 | 14.18 | 110.25 | 124.43 | NOTE | |
r-devel-linux-x86_64-fedora-clang | 1.4.3 | 150.92 | NOTE | |||
r-devel-linux-x86_64-fedora-gcc | 1.4.3 | 148.74 | NOTE | |||
r-devel-windows-x86_64 | 1.4.3 | 11.00 | 93.00 | 104.00 | NOTE | |
r-patched-linux-x86_64 | 1.4.3 | 13.38 | 105.44 | 118.82 | NOTE | |
r-release-linux-x86_64 | 1.4.3 | 12.26 | 102.93 | 115.19 | NOTE | |
r-release-macos-arm64 | 1.4.3 | 43.00 | NOTE | |||
r-release-windows-x86_64 | 1.4.3 | 12.00 | 92.00 | 104.00 | NOTE | |
r-oldrel-macos-arm64 | 1.4.3 | 47.00 | NOTE | |||
r-oldrel-macos-x86_64 | 1.4.3 | 83.00 | NOTE | |||
r-oldrel-windows-x86_64 | 1.4.3 | 14.00 | 110.00 | 124.00 | NOTE |
Version: 1.4.3
Check: package dependencies
Result: NOTE
Packages suggested but not available for checking:
'cec2005benchmark', 'cec2013'
Flavors: r-devel-linux-x86_64-debian-clang, r-devel-linux-x86_64-fedora-clang, r-devel-linux-x86_64-fedora-gcc, r-devel-windows-x86_64, r-patched-linux-x86_64, r-release-linux-x86_64, r-release-macos-arm64, r-release-windows-x86_64, r-oldrel-macos-arm64, r-oldrel-macos-x86_64, r-oldrel-windows-x86_64