Last updated on 2024-05-21 05:00:46 CEST.
Flavor | Version | Tinstall | Tcheck | Ttotal | Status | Flags |
---|---|---|---|---|---|---|
r-devel-linux-x86_64-debian-clang | 0.4.2 | 3.80 | 77.07 | 80.87 | NOTE | |
r-devel-linux-x86_64-debian-gcc | 0.4.2 | 3.53 | 56.61 | 60.14 | NOTE | |
r-devel-linux-x86_64-fedora-clang | 0.4.2 | 103.04 | NOTE | |||
r-devel-linux-x86_64-fedora-gcc | 0.4.2 | 109.57 | NOTE | |||
r-devel-windows-x86_64 | 0.4.2 | 5.00 | 116.00 | 121.00 | NOTE | |
r-patched-linux-x86_64 | 0.4.2 | 4.49 | 74.91 | 79.40 | NOTE | |
r-release-linux-x86_64 | 0.4.2 | 5.00 | 74.70 | 79.70 | NOTE | |
r-release-macos-arm64 | 0.4.2 | 40.00 | NOTE | |||
r-release-windows-x86_64 | 0.4.2 | 5.00 | 116.00 | 121.00 | NOTE | |
r-oldrel-macos-arm64 | 0.4.2 | 40.00 | NOTE | |||
r-oldrel-macos-x86_64 | 0.4.2 | 64.00 | NOTE | |||
r-oldrel-windows-x86_64 | 0.4.2 | 6.00 | 110.00 | 116.00 | NOTE |
Version: 0.4.2
Check: Rd files
Result: NOTE
checkRd: (-1) sensitivitySamplerManual-DPMech-function-numeric-numeric-numeric-method.Rd:25: Lost braces
25 | \item{k}{order statistic index in {1,...,\code{m}}.}
| ^
checkRd: (-1) sensitivitySamplerManual-DPMechNumeric-function-numeric-numeric-numeric-method.Rd:25: Lost braces
25 | \item{k}{order statistic index in {1,...,\code{m}}.}
| ^
checkRd: (-1) sensitivitySamplerManual.Rd:22: Lost braces
22 | \item{k}{order statistic index in {1,...,\code{m}}.}
| ^
Flavors: r-devel-linux-x86_64-debian-clang, r-devel-linux-x86_64-debian-gcc, r-devel-linux-x86_64-fedora-clang, r-devel-linux-x86_64-fedora-gcc, r-devel-windows-x86_64, r-patched-linux-x86_64, r-release-linux-x86_64, r-release-macos-arm64, r-release-windows-x86_64
Version: 0.4.2
Check: LazyData
Result: NOTE
'LazyData' is specified without a 'data' directory
Flavors: r-devel-linux-x86_64-debian-clang, r-devel-linux-x86_64-debian-gcc, r-devel-linux-x86_64-fedora-clang, r-devel-linux-x86_64-fedora-gcc, r-devel-windows-x86_64, r-patched-linux-x86_64, r-release-linux-x86_64, r-release-macos-arm64, r-release-windows-x86_64, r-oldrel-macos-arm64, r-oldrel-macos-x86_64, r-oldrel-windows-x86_64