Last updated on 2024-06-01 04:49:25 CEST.
Flavor | Version | Tinstall | Tcheck | Ttotal | Status | Flags |
---|---|---|---|---|---|---|
r-devel-linux-x86_64-debian-clang | 1.1-6 | 10.20 | 92.17 | 102.37 | NOTE | |
r-devel-linux-x86_64-debian-gcc | 1.1-6 | 6.80 | 69.12 | 75.92 | NOTE | |
r-devel-linux-x86_64-fedora-clang | 1.1-6 | 127.47 | NOTE | |||
r-devel-linux-x86_64-fedora-gcc | 1.1-6 | 119.04 | NOTE | |||
r-devel-windows-x86_64 | 1.1-6 | 9.00 | 88.00 | 97.00 | NOTE | |
r-patched-linux-x86_64 | 1.1-6 | 8.76 | 90.35 | 99.11 | NOTE | |
r-release-linux-x86_64 | 1.1-6 | 9.60 | 89.75 | 99.35 | NOTE | |
r-release-macos-arm64 | 1.1-6 | 38.00 | NOTE | |||
r-release-windows-x86_64 | 1.1-6 | 9.00 | 87.00 | 96.00 | NOTE | |
r-oldrel-macos-arm64 | 1.1-6 | 39.00 | OK | |||
r-oldrel-macos-x86_64 | 1.1-6 | 64.00 | OK | |||
r-oldrel-windows-x86_64 | 1.1-6 | 11.00 | 105.00 | 116.00 | OK |
Version: 1.1-6
Check: Rd files
Result: NOTE
checkRd: (-1) pc.Rd:17: Lost braces
17 | The functions \code{gamlss.pcr()} and \code{gamlss.pc()} are supporting functions. The are not intended to be called directly by users. The function \code{gamlss.pc()} is using the linear model function \code{lm()} to fit the first principal components while the function code{gamlss.pcr()} uses \code{fitPCR()}.
| ^
Flavors: r-devel-linux-x86_64-debian-clang, r-devel-linux-x86_64-debian-gcc, r-devel-linux-x86_64-fedora-clang, r-devel-linux-x86_64-fedora-gcc, r-devel-windows-x86_64, r-patched-linux-x86_64, r-release-linux-x86_64, r-release-macos-arm64, r-release-windows-x86_64