Last updated on 2024-05-23 05:57:18 CEST.
Flavor | Version | Tinstall | Tcheck | Ttotal | Status | Flags |
---|---|---|---|---|---|---|
r-devel-linux-x86_64-debian-clang | 1.2.5 | 6.70 | 45.48 | 52.18 | NOTE | |
r-devel-linux-x86_64-debian-gcc | 1.2.5 | 3.68 | 34.64 | 38.32 | NOTE | |
r-devel-linux-x86_64-fedora-clang | 1.2.5 | 61.03 | NOTE | |||
r-devel-linux-x86_64-fedora-gcc | 1.2.5 | 58.43 | NOTE | |||
r-devel-windows-x86_64 | 1.2.5 | 5.00 | 55.00 | 60.00 | NOTE | |
r-patched-linux-x86_64 | 1.2.5 | 6.15 | 44.25 | 50.40 | NOTE | |
r-release-linux-x86_64 | 1.2.5 | 4.79 | 43.28 | 48.07 | NOTE | |
r-release-macos-arm64 | 1.2.5 | 21.00 | NOTE | |||
r-release-windows-x86_64 | 1.2.5 | 6.00 | 54.00 | 60.00 | NOTE | |
r-oldrel-macos-arm64 | 1.2.5 | 27.00 | OK | |||
r-oldrel-macos-x86_64 | 1.2.5 | 54.00 | OK | |||
r-oldrel-windows-x86_64 | 1.2.5 | 8.00 | 60.00 | 68.00 | OK |
Version: 1.2.5
Check: Rd files
Result: NOTE
checkRd: (-1) nearblack.Rd:30: Lost braces
30 | code{infile=}, indicating that the input file should be
| ^
Flavors: r-devel-linux-x86_64-debian-clang, r-devel-linux-x86_64-debian-gcc, r-devel-linux-x86_64-fedora-clang, r-devel-linux-x86_64-fedora-gcc, r-devel-windows-x86_64, r-patched-linux-x86_64, r-release-linux-x86_64, r-release-macos-arm64, r-release-windows-x86_64