Last updated on 2024-05-16 06:12:24 CEST.
Flavor | Version | Tinstall | Tcheck | Ttotal | Status | Flags |
---|---|---|---|---|---|---|
r-devel-linux-x86_64-debian-clang | 1.2.11 | 19.71 | 254.60 | 274.31 | NOTE | |
r-devel-linux-x86_64-debian-gcc | 1.2.11 | 14.14 | 191.62 | 205.76 | NOTE | |
r-devel-linux-x86_64-fedora-clang | 1.2.11 | 364.95 | NOTE | |||
r-devel-linux-x86_64-fedora-gcc | 1.2.11 | 373.57 | NOTE | |||
r-devel-windows-x86_64 | 1.2.11 | 16.00 | 302.00 | 318.00 | NOTE | |
r-patched-linux-x86_64 | 1.2.11 | 28.82 | 240.75 | 269.57 | NOTE | |
r-release-linux-x86_64 | 1.2.11 | 18.00 | 245.06 | 263.06 | NOTE | |
r-release-macos-arm64 | 1.2.11 | 89.00 | NOTE | |||
r-release-windows-x86_64 | 1.2.11 | 19.00 | 304.00 | 323.00 | NOTE | |
r-oldrel-macos-arm64 | 1.2.11 | 90.00 | NOTE | |||
r-oldrel-macos-x86_64 | 1.2.11 | 175.00 | NOTE | |||
r-oldrel-windows-x86_64 | 1.2.11 | 24.00 | 313.00 | 337.00 | NOTE |
Version: 1.2.11
Check: package dependencies
Result: NOTE
Package suggested but not available for checking: ‘lixoftConnectors’
Flavors: r-devel-linux-x86_64-debian-clang, r-devel-linux-x86_64-debian-gcc, r-devel-linux-x86_64-fedora-clang, r-devel-linux-x86_64-fedora-gcc, r-devel-windows-x86_64, r-patched-linux-x86_64, r-release-linux-x86_64, r-release-macos-arm64, r-release-windows-x86_64, r-oldrel-macos-arm64, r-oldrel-macos-x86_64, r-oldrel-windows-x86_64
Version: 1.2.11
Check: installed package size
Result: NOTE
installed size is 9.0Mb
sub-directories of 1Mb or more:
doc 1.1Mb
help 2.4Mb
testdata 4.8Mb
Flavors: r-devel-linux-x86_64-fedora-clang, r-devel-windows-x86_64, r-release-macos-arm64, r-release-windows-x86_64, r-oldrel-macos-arm64, r-oldrel-macos-x86_64, r-oldrel-windows-x86_64