Last updated on 2024-05-23 05:57:18 CEST.
Flavor | Version | Tinstall | Tcheck | Ttotal | Status | Flags |
---|---|---|---|---|---|---|
r-devel-linux-x86_64-debian-clang | 0.2.0 | 6.17 | 68.00 | 74.17 | NOTE | |
r-devel-linux-x86_64-debian-gcc | 0.2.0 | 6.01 | 51.32 | 57.33 | NOTE | |
r-devel-linux-x86_64-fedora-clang | 0.2.0 | 91.05 | NOTE | |||
r-devel-linux-x86_64-fedora-gcc | 0.2.0 | 93.15 | NOTE | |||
r-devel-windows-x86_64 | 0.2.0 | 6.00 | 68.00 | 74.00 | NOTE | |
r-patched-linux-x86_64 | 0.2.0 | 6.52 | 62.36 | 68.88 | NOTE | |
r-release-linux-x86_64 | 0.2.0 | 5.24 | 64.22 | 69.46 | NOTE | |
r-release-macos-arm64 | 0.2.0 | 30.00 | NOTE | |||
r-release-windows-x86_64 | 0.2.0 | 7.00 | 71.00 | 78.00 | NOTE | |
r-oldrel-macos-arm64 | 0.2.0 | 31.00 | NOTE | |||
r-oldrel-macos-x86_64 | 0.2.0 | 51.00 | NOTE | |||
r-oldrel-windows-x86_64 | 0.2.0 | 10.00 | 72.00 | 82.00 | NOTE |
Version: 0.2.0
Check: LazyData
Result: NOTE
'LazyData' is specified without a 'data' directory
Flavors: r-devel-linux-x86_64-debian-clang, r-devel-linux-x86_64-debian-gcc, r-devel-linux-x86_64-fedora-clang, r-devel-linux-x86_64-fedora-gcc, r-devel-windows-x86_64, r-patched-linux-x86_64, r-release-linux-x86_64, r-release-macos-arm64, r-release-windows-x86_64, r-oldrel-macos-arm64, r-oldrel-macos-x86_64, r-oldrel-windows-x86_64