Last updated on 2024-05-16 06:12:25 CEST.
Flavor | Version | Tinstall | Tcheck | Ttotal | Status | Flags |
---|---|---|---|---|---|---|
r-devel-linux-x86_64-debian-clang | 0.0.8 | 248.98 | 313.47 | 562.45 | NOTE | |
r-devel-linux-x86_64-debian-gcc | 0.0.8 | 225.36 | 231.13 | 456.49 | NOTE | |
r-devel-linux-x86_64-fedora-clang | 0.0.8 | 682.46 | NOTE | |||
r-devel-linux-x86_64-fedora-gcc | 0.0.8 | 966.85 | NOTE | |||
r-devel-windows-x86_64 | 0.0.8 | 185.00 | 246.00 | 431.00 | NOTE | |
r-patched-linux-x86_64 | 0.0.8 | 216.67 | 306.38 | 523.05 | NOTE | |
r-release-linux-x86_64 | 0.0.8 | 0.35 | 2.12 | 2.47 | ERROR | |
r-release-macos-arm64 | 0.0.8 | 165.00 | NOTE | |||
r-release-windows-x86_64 | 0.0.8 | 178.00 | 244.00 | 422.00 | NOTE | |
r-oldrel-macos-arm64 | 0.0.8 | 165.00 | NOTE | |||
r-oldrel-macos-x86_64 | 0.0.8 | 398.00 | NOTE | |||
r-oldrel-windows-x86_64 | 0.0.8 | 243.00 | 308.00 | 551.00 | NOTE |
Version: 0.0.8
Check: for GNU extensions in Makefiles
Result: NOTE
GNU make is a SystemRequirements.
Flavors: r-devel-linux-x86_64-debian-clang, r-devel-linux-x86_64-debian-gcc, r-devel-linux-x86_64-fedora-clang, r-devel-linux-x86_64-fedora-gcc, r-devel-windows-x86_64, r-patched-linux-x86_64, r-release-macos-arm64, r-release-windows-x86_64, r-oldrel-macos-arm64, r-oldrel-macos-x86_64, r-oldrel-windows-x86_64
Version: 0.0.8
Check: package dependencies
Result: ERROR
Package required but not available: ‘trialr’
See section ‘The DESCRIPTION file’ in the ‘Writing R Extensions’
manual.
Flavor: r-release-linux-x86_64
Version: 0.0.8
Check: installed package size
Result: NOTE
installed size is 65.5Mb
sub-directories of 1Mb or more:
libs 65.0Mb
Flavors: r-release-macos-arm64, r-oldrel-macos-arm64, r-oldrel-macos-x86_64