Last updated on 2024-05-19 05:55:52 CEST.
Flavor | Version | Tinstall | Tcheck | Ttotal | Status | Flags |
---|---|---|---|---|---|---|
r-devel-linux-x86_64-debian-clang | 0.0.3 | 1.91 | 24.33 | 26.24 | OK | |
r-devel-linux-x86_64-debian-gcc | 0.0.3 | 2.28 | 18.95 | 21.23 | OK | |
r-devel-linux-x86_64-fedora-clang | 0.0.3 | 34.72 | NOTE | |||
r-devel-linux-x86_64-fedora-gcc | 0.0.3 | 37.69 | NOTE | |||
r-devel-windows-x86_64 | 0.0.3 | 5.00 | 46.00 | 51.00 | OK | |
r-patched-linux-x86_64 | 0.0.3 | 1.60 | 23.35 | 24.95 | OK | |
r-release-linux-x86_64 | 0.0.3 | 1.86 | 23.95 | 25.81 | OK | |
r-release-macos-arm64 | 0.0.3 | 17.00 | OK | |||
r-release-windows-x86_64 | 0.0.3 | 5.00 | 46.00 | 51.00 | OK | |
r-oldrel-macos-arm64 | 0.0.3 | 18.00 | OK | |||
r-oldrel-macos-x86_64 | 0.0.3 | 21.00 | OK | |||
r-oldrel-windows-x86_64 | 0.0.3 | 5.00 | 47.00 | 52.00 | OK |
Version: 0.0.3
Check: dependencies in R code
Result: NOTE
Namespaces in Imports field not imported from:
‘digest’ ‘purrr’ ‘tidyverse’
All declared Imports should be used.
Flavors: r-devel-linux-x86_64-fedora-clang, r-devel-linux-x86_64-fedora-gcc