Last updated on 2024-05-21 05:00:50 CEST.
Flavor | Version | Tinstall | Tcheck | Ttotal | Status | Flags |
---|---|---|---|---|---|---|
r-devel-linux-x86_64-debian-clang | 1.2.0.1 | 5.83 | 21.96 | 27.79 | OK | |
r-devel-linux-x86_64-debian-gcc | 1.2.0.1 | 5.29 | 17.64 | 22.93 | OK | |
r-devel-linux-x86_64-fedora-clang | 1.2.0.1 | 40.63 | NOTE | |||
r-devel-linux-x86_64-fedora-gcc | 1.2.0.1 | 36.41 | NOTE | |||
r-devel-windows-x86_64 | 1.2.0.1 | 8.00 | 49.00 | 57.00 | OK | |
r-patched-linux-x86_64 | 1.2.0.1 | 6.15 | 22.08 | 28.23 | OK | |
r-release-linux-x86_64 | 1.2.0.1 | 6.88 | 21.72 | 28.60 | OK | |
r-release-macos-arm64 | 1.2.0.1 | 17.00 | OK | |||
r-release-windows-x86_64 | 1.2.0.1 | 7.00 | 48.00 | 55.00 | OK | |
r-oldrel-macos-arm64 | 1.2.0.1 | 18.00 | OK | |||
r-oldrel-macos-x86_64 | 1.2.0.1 | 24.00 | OK | |||
r-oldrel-windows-x86_64 | 1.2.0.1 | 8.00 | 64.00 | 72.00 | OK |
Version: 1.2.0.1
Check: compiled code
Result: NOTE
File ‘infotheo/libs/infotheo.so’:
Found no calls to: ‘R_registerRoutines’, ‘R_useDynamicSymbols’
It is good practice to register native routines and to disable symbol
search.
See ‘Writing portable packages’ in the ‘Writing R Extensions’ manual.
Flavors: r-devel-linux-x86_64-fedora-clang, r-devel-linux-x86_64-fedora-gcc