Last updated on 2024-06-01 04:49:28 CEST.
Flavor | Version | Tinstall | Tcheck | Ttotal | Status | Flags |
---|---|---|---|---|---|---|
r-devel-linux-x86_64-debian-clang | 0.2.3 | 3.74 | 27.16 | 30.90 | OK | |
r-devel-linux-x86_64-debian-gcc | 0.2.3 | 2.36 | 21.13 | 23.49 | OK | |
r-devel-linux-x86_64-fedora-clang | 0.2.3 | 39.37 | NOTE | |||
r-devel-linux-x86_64-fedora-gcc | 0.2.3 | 36.48 | OK | |||
r-devel-windows-x86_64 | 0.2.3 | 3.00 | 43.00 | 46.00 | OK | |
r-patched-linux-x86_64 | 0.2.3 | 3.74 | 27.30 | 31.04 | OK | |
r-release-linux-x86_64 | 0.2.3 | 3.32 | 26.77 | 30.09 | OK | |
r-release-macos-arm64 | 0.2.3 | 16.00 | OK | |||
r-release-windows-x86_64 | 0.2.3 | 5.00 | 42.00 | 47.00 | OK | |
r-oldrel-macos-arm64 | 0.2.3 | 18.00 | OK | |||
r-oldrel-macos-x86_64 | 0.2.3 | 23.00 | OK | |||
r-oldrel-windows-x86_64 | 0.2.3 | 7.00 | 43.00 | 50.00 | OK |
Version: 0.2.3
Check: Rd cross-references
Result: NOTE
Undeclared package ‘irr’ in Rd xrefs
Flavor: r-devel-linux-x86_64-fedora-clang