Last updated on 2024-06-01 04:49:31 CEST.
Flavor | Version | Tinstall | Tcheck | Ttotal | Status | Flags |
---|---|---|---|---|---|---|
r-devel-linux-x86_64-debian-clang | 1.2.2 | 52.13 | 183.70 | 235.83 | NOTE | |
r-devel-linux-x86_64-debian-gcc | 1.2.2 | 43.54 | 132.53 | 176.07 | NOTE | |
r-devel-linux-x86_64-fedora-clang | 1.2.2 | 308.58 | NOTE | |||
r-devel-linux-x86_64-fedora-gcc | 1.2.2 | 302.20 | NOTE | |||
r-devel-windows-x86_64 | 1.2.2 | 47.00 | 162.00 | 209.00 | NOTE | |
r-patched-linux-x86_64 | 1.2.2 | 37.45 | 142.64 | 180.09 | NOTE | |
r-release-linux-x86_64 | 1.2.2 | 52.78 | 138.43 | 191.21 | NOTE | |
r-release-macos-arm64 | 1.2.2 | 78.00 | NOTE | |||
r-release-macos-x86_64 | 1.2.2 | 136.00 | NOTE | |||
r-release-windows-x86_64 | 1.2.2 | 48.00 | 159.00 | 207.00 | NOTE | |
r-oldrel-macos-arm64 | 1.2.2 | 75.00 | NOTE | |||
r-oldrel-macos-x86_64 | 1.2.2 | 128.00 | NOTE | |||
r-oldrel-windows-x86_64 | 1.2.2 | 59.00 | 196.00 | 255.00 | NOTE |
Version: 1.2.2
Check: C++ specification
Result: NOTE
Specified C++11: please drop specification unless essential
Flavors: r-devel-linux-x86_64-debian-clang, r-devel-linux-x86_64-debian-gcc, r-devel-linux-x86_64-fedora-clang, r-devel-linux-x86_64-fedora-gcc, r-devel-windows-x86_64, r-patched-linux-x86_64, r-release-linux-x86_64, r-release-macos-arm64, r-release-macos-x86_64, r-release-windows-x86_64, r-oldrel-macos-arm64, r-oldrel-macos-x86_64, r-oldrel-windows-x86_64