Last updated on 2024-04-29 04:52:29 CEST.
Flavor | Version | Tinstall | Tcheck | Ttotal | Status | Flags |
---|---|---|---|---|---|---|
r-devel-linux-x86_64-debian-clang | 1.3.3 | 72.78 | 45.43 | 118.21 | NOTE | |
r-devel-linux-x86_64-debian-gcc | 1.3.3 | 54.37 | 34.46 | 88.83 | NOTE | |
r-devel-linux-x86_64-fedora-clang | 1.3.3 | 177.42 | NOTE | |||
r-devel-linux-x86_64-fedora-gcc | 1.3.3 | 179.98 | NOTE | |||
r-devel-windows-x86_64 | 1.3.3 | 58.00 | 81.00 | 139.00 | NOTE | |
r-patched-linux-x86_64 | 1.3.3 | 64.98 | 42.80 | 107.78 | NOTE | |
r-release-linux-x86_64 | 1.3.3 | 70.99 | 42.51 | 113.50 | NOTE | |
r-release-macos-arm64 | 1.3.3 | 43.00 | NOTE | |||
r-release-windows-x86_64 | 1.3.3 | 60.00 | 79.00 | 139.00 | NOTE | |
r-oldrel-macos-arm64 | 1.3.3 | 45.00 | NOTE | |||
r-oldrel-macos-x86_64 | 1.3.3 | 84.00 | NOTE | |||
r-oldrel-windows-x86_64 | 1.3.3 | 70.00 | 88.00 | 158.00 | NOTE |
Version: 1.3.3
Check: C++ specification
Result: NOTE
Specified C++11: please drop specification unless essential
Flavors: r-devel-linux-x86_64-debian-clang, r-devel-linux-x86_64-debian-gcc, r-devel-linux-x86_64-fedora-clang, r-devel-linux-x86_64-fedora-gcc, r-devel-windows-x86_64, r-patched-linux-x86_64, r-release-linux-x86_64, r-release-macos-arm64, r-release-windows-x86_64, r-oldrel-macos-arm64, r-oldrel-macos-x86_64, r-oldrel-windows-x86_64