Last updated on 2024-05-23 05:57:26 CEST.
Flavor | Version | Tinstall | Tcheck | Ttotal | Status | Flags |
---|---|---|---|---|---|---|
r-devel-linux-x86_64-debian-clang | 0.9.0 | 4.47 | 100.04 | 104.51 | OK | |
r-devel-linux-x86_64-debian-gcc | 0.9.0 | 3.36 | 75.14 | 78.50 | OK | |
r-devel-linux-x86_64-fedora-clang | 0.9.0 | 123.99 | NOTE | |||
r-devel-linux-x86_64-fedora-gcc | 0.9.0 | 118.56 | OK | |||
r-devel-windows-x86_64 | 0.9.0 | 7.00 | 89.00 | 96.00 | OK | |
r-patched-linux-x86_64 | 0.9.0 | 3.31 | 93.41 | 96.72 | OK | |
r-release-linux-x86_64 | 0.9.0 | 3.70 | 94.78 | 98.48 | OK | |
r-release-macos-arm64 | 0.9.0 | 37.00 | OK | |||
r-release-macos-x86_64 | 0.9.0 | 79.00 | OK | |||
r-release-windows-x86_64 | 0.9.0 | 7.00 | 90.00 | 97.00 | OK | |
r-oldrel-macos-arm64 | 0.9.0 | 44.00 | OK | |||
r-oldrel-macos-x86_64 | 0.9.0 | 81.00 | OK | |||
r-oldrel-windows-x86_64 | 0.9.0 | 7.00 | 106.00 | 113.00 | OK |
Version: 0.9.0
Check: Rd cross-references
Result: NOTE
Undeclared package ‘tibble’ in Rd xrefs
Flavor: r-devel-linux-x86_64-fedora-clang