Last updated on 2024-05-16 06:12:37 CEST.
Flavor | Version | Tinstall | Tcheck | Ttotal | Status | Flags |
---|---|---|---|---|---|---|
r-devel-linux-x86_64-debian-clang | 1.2.4 | 78.85 | 191.69 | 270.54 | NOTE | |
r-devel-linux-x86_64-debian-gcc | 1.2.4 | 56.40 | 143.80 | 200.20 | NOTE | |
r-devel-linux-x86_64-fedora-clang | 1.2.4 | 348.42 | NOTE | |||
r-devel-linux-x86_64-fedora-gcc | 1.2.4 | 466.29 | NOTE | |||
r-devel-windows-x86_64 | 1.2.4 | 57.00 | 174.00 | 231.00 | NOTE | |
r-patched-linux-x86_64 | 1.2.4 | 51.63 | 179.29 | 230.92 | NOTE | |
r-release-linux-x86_64 | 1.2.4 | 50.26 | 185.01 | 235.27 | NOTE | |
r-release-macos-arm64 | 1.2.4 | 94.00 | NOTE | |||
r-release-windows-x86_64 | 1.2.4 | 61.00 | 169.00 | 230.00 | NOTE | |
r-oldrel-macos-arm64 | 1.2.4 | 94.00 | NOTE | |||
r-oldrel-macos-x86_64 | 1.2.4 | 166.00 | NOTE | |||
r-oldrel-windows-x86_64 | 1.2.4 | 74.00 | 208.00 | 282.00 | NOTE |
Version: 1.2.4
Check: C++ specification
Result: NOTE
Specified C++11: please drop specification unless essential
Flavors: r-devel-linux-x86_64-debian-clang, r-devel-linux-x86_64-debian-gcc, r-devel-linux-x86_64-fedora-clang, r-devel-linux-x86_64-fedora-gcc, r-devel-windows-x86_64, r-patched-linux-x86_64, r-release-linux-x86_64, r-release-macos-arm64, r-release-windows-x86_64, r-oldrel-macos-arm64, r-oldrel-macos-x86_64, r-oldrel-windows-x86_64
Version: 1.2.4
Check: installed package size
Result: NOTE
installed size is 6.6Mb
sub-directories of 1Mb or more:
libs 4.9Mb
Flavors: r-release-macos-arm64, r-oldrel-macos-arm64, r-oldrel-macos-x86_64