Last updated on 2024-05-21 05:00:58 CEST.
Flavor | Version | Tinstall | Tcheck | Ttotal | Status | Flags |
---|---|---|---|---|---|---|
r-devel-linux-x86_64-debian-clang | 0.0.15 | 11.07 | 87.01 | 98.08 | OK | --no-tests |
r-devel-linux-x86_64-debian-gcc | 0.0.15 | 10.20 | 63.36 | 73.56 | OK | --no-tests |
r-devel-linux-x86_64-fedora-clang | 0.0.15 | 135.73 | OK | |||
r-devel-linux-x86_64-fedora-gcc | 0.0.15 | 65.91 | ERROR | |||
r-devel-windows-x86_64 | 0.0.15 | 13.00 | 68.00 | 81.00 | OK | --no-examples --no-tests --no-vignettes |
r-patched-linux-x86_64 | 0.0.15 | 16.61 | 81.26 | 97.87 | OK | --no-tests |
r-release-linux-x86_64 | 0.0.15 | 16.86 | 82.40 | 99.26 | OK | --no-tests |
r-release-macos-arm64 | 0.0.15 | 47.00 | OK | |||
r-release-macos-x86_64 | 0.0.15 | 83.00 | NOTE | |||
r-release-windows-x86_64 | 0.0.15 | 1.00 | 6.00 | 7.00 | ERROR | --no-examples --no-tests --no-vignettes |
r-oldrel-macos-arm64 | 0.0.15 | 45.00 | OK | |||
r-oldrel-macos-x86_64 | 0.0.15 | 81.00 | OK | |||
r-oldrel-windows-x86_64 | 0.0.15 | 15.00 | 62.00 | 77.00 | ERROR | --no-examples --no-tests --no-vignettes |
Version: 0.0.15
Check: tests
Result: ERROR
Running ‘restfulr_unit_tests.R’
Running the tests in ‘tests/restfulr_unit_tests.R’ failed.
Complete output:
> require("restfulr") || stop("unable to load restfulr package")
Loading required package: restfulr
[1] TRUE
> restfulr:::.test()
Loading required namespace: rsolr
Timing stopped at: 0.085 0.001 0.101
Error in errorHandler(responseError) : Not Found
Timing stopped at: 0.024 0 0.028
Error in errorHandler(responseError) : Not Found
RUNIT TEST PROTOCOL -- Mon May 20 08:59:30 2024
***********************************************
Number of test functions: 3
Number of errors: 2
Number of failures: 0
1 Test Suite :
restfulr RUnit Tests - 3 test functions, 2 errors, 0 failures
ERROR in test_RestContainer_CRUD: Error in errorHandler(responseError) : Not Found
ERROR in test_RestUri_CRUD: Error in errorHandler(responseError) : Not Found
Test files with failing tests
test_RestContainer.R
test_RestContainer_CRUD
test_RestUri.R
test_RestUri_CRUD
Error in testPackage("restfulr") : unit tests failed for package restfulr
Calls: <Anonymous> -> testPackage
Execution halted
Flavor: r-devel-linux-x86_64-fedora-gcc
Version: 0.0.15
Check: package dependencies
Result: NOTE
Package suggested but not available for checking: ‘rsolr’
Flavor: r-release-macos-x86_64
Version: 0.0.15
Flags: --no-examples --no-tests --no-vignettes
Check: whether package can be installed
Result: ERROR
Installation failed.
Flavors: r-release-windows-x86_64, r-oldrel-windows-x86_64