Last updated on 2024-05-16 06:12:40 CEST.
Flavor | Version | Tinstall | Tcheck | Ttotal | Status | Flags |
---|---|---|---|---|---|---|
r-devel-linux-x86_64-debian-clang | 1.1.7 | 65.42 | 33.14 | 98.56 | NOTE | |
r-devel-linux-x86_64-debian-gcc | 1.1.7 | 58.30 | 25.79 | 84.09 | NOTE | |
r-devel-linux-x86_64-fedora-clang | 1.1.7 | 130.17 | NOTE | |||
r-devel-linux-x86_64-fedora-gcc | 1.1.7 | 206.62 | NOTE | |||
r-devel-windows-x86_64 | 1.1.7 | 56.00 | 76.00 | 132.00 | NOTE | |
r-patched-linux-x86_64 | 1.1.7 | 64.13 | 31.91 | 96.04 | NOTE | |
r-release-linux-x86_64 | 1.1.7 | 70.45 | 31.60 | 102.05 | NOTE | |
r-release-macos-arm64 | 1.1.7 | 37.00 | NOTE | |||
r-release-macos-x86_64 | 1.1.7 | 87.00 | NOTE | |||
r-release-windows-x86_64 | 1.1.7 | 57.00 | 75.00 | 132.00 | NOTE | |
r-oldrel-macos-arm64 | 1.1.7 | 40.00 | NOTE | |||
r-oldrel-macos-x86_64 | 1.1.7 | 88.00 | NOTE | |||
r-oldrel-windows-x86_64 | 1.1.7 | 67.00 | 78.00 | 145.00 | NOTE |
Version: 1.1.7
Check: for GNU extensions in Makefiles
Result: NOTE
GNU make is a SystemRequirements.
Flavors: r-devel-linux-x86_64-debian-clang, r-devel-linux-x86_64-debian-gcc, r-devel-linux-x86_64-fedora-clang, r-devel-linux-x86_64-fedora-gcc, r-devel-windows-x86_64, r-patched-linux-x86_64, r-release-linux-x86_64, r-release-macos-arm64, r-release-macos-x86_64, r-release-windows-x86_64, r-oldrel-macos-arm64, r-oldrel-macos-x86_64, r-oldrel-windows-x86_64
Version: 1.1.7
Check: installed package size
Result: NOTE
installed size is 6.1Mb
sub-directories of 1Mb or more:
libs 5.5Mb
Flavors: r-release-macos-arm64, r-release-macos-x86_64, r-oldrel-macos-arm64, r-oldrel-macos-x86_64