Last updated on 2024-05-16 06:12:42 CEST.
Flavor | Version | Tinstall | Tcheck | Ttotal | Status | Flags |
---|---|---|---|---|---|---|
r-devel-linux-x86_64-debian-clang | 1.17.1 | 11.32 | 119.05 | 130.37 | NOTE | |
r-devel-linux-x86_64-debian-gcc | 1.17.1 | 7.53 | 82.55 | 90.08 | NOTE | |
r-devel-linux-x86_64-fedora-clang | 1.17.1 | 161.62 | NOTE | |||
r-devel-linux-x86_64-fedora-gcc | 1.17.1 | 159.54 | NOTE | |||
r-devel-windows-x86_64 | 1.17.1 | 8.00 | 132.00 | 140.00 | NOTE | |
r-patched-linux-x86_64 | 1.17.1 | 12.17 | 112.82 | 124.99 | NOTE | |
r-release-linux-x86_64 | 1.17.1 | 7.92 | 114.20 | 122.12 | NOTE | |
r-release-macos-arm64 | 1.17.1 | 45.00 | NOTE | |||
r-release-windows-x86_64 | 1.17.1 | 8.00 | 130.00 | 138.00 | NOTE | |
r-oldrel-macos-arm64 | 1.17.1 | 49.00 | OK | |||
r-oldrel-macos-x86_64 | 1.17.1 | 84.00 | OK | |||
r-oldrel-windows-x86_64 | 1.17.1 | 10.00 | 162.00 | 172.00 | OK |
Version: 1.17.1
Check: Rd files
Result: NOTE
checkRd: (-1) MrBayes.Rd:24: Lost braces
24 | \item{contype}{A character string; the type of consensus tree calculated from the posterior distribution of trees}{either "halfcompat" (majority-rule consensus tree) or "allcombat" (strict consensus tree)}
| ^
Flavors: r-devel-linux-x86_64-debian-clang, r-devel-linux-x86_64-debian-gcc, r-devel-linux-x86_64-fedora-clang, r-devel-linux-x86_64-fedora-gcc, r-devel-windows-x86_64, r-patched-linux-x86_64, r-release-linux-x86_64, r-release-macos-arm64, r-release-windows-x86_64