Last updated on 2024-05-07 06:11:52 CEST.
Flavor | Version | Tinstall | Tcheck | Ttotal | Status | Flags |
---|---|---|---|---|---|---|
r-devel-linux-x86_64-debian-clang | 0.5-16 | 15.40 | 157.26 | 172.66 | NOTE | |
r-devel-linux-x86_64-debian-gcc | 0.5-16 | 13.27 | 109.62 | 122.89 | NOTE | |
r-devel-linux-x86_64-fedora-clang | 0.5-16 | 216.38 | NOTE | |||
r-devel-linux-x86_64-fedora-gcc | 0.5-16 | 249.49 | NOTE | |||
r-devel-windows-x86_64 | 0.5-16 | 19.00 | 129.00 | 148.00 | NOTE | |
r-patched-linux-x86_64 | 0.5-16 | 32.18 | 142.26 | 174.44 | NOTE | |
r-release-linux-x86_64 | 0.5-16 | 24.51 | 145.41 | 169.92 | NOTE | |
r-release-macos-arm64 | 0.5-16 | 50.00 | NOTE | |||
r-release-windows-x86_64 | 0.5-16 | 19.00 | 129.00 | 148.00 | NOTE | |
r-oldrel-macos-arm64 | 0.5-16 | 56.00 | OK | |||
r-oldrel-macos-x86_64 | 0.5-16 | 98.00 | NOTE | |||
r-oldrel-windows-x86_64 | 0.5-16 | 19.00 | 158.00 | 177.00 | OK |
Version: 0.5-16
Check: Rd files
Result: NOTE
checkRd: (-1) SimDataDist-class.Rd:28: Lost braces in \itemize; meant \describe ?
checkRd: (-1) SimDataDist-class.Rd:29: Lost braces in \itemize; meant \describe ?
checkRd: (-1) createData.Rd:7: Lost braces
7 | This function can be used to create data from a set of parameters created from \code{\link{draw}}, called a code{paramSet}. This function is used internally to create data, and is available publicly for accessibility and debugging.
| ^
checkRd: (-1) exportData.Rd:7: Lost braces
7 | This function can be used to export data created from a set of parameters created from \code{\link{draw}}, called a code{paramSet}. This function can export data to be analyzed with either Mplus or LISREL.
| ^
Flavors: r-devel-linux-x86_64-debian-clang, r-devel-linux-x86_64-debian-gcc, r-devel-linux-x86_64-fedora-clang, r-devel-linux-x86_64-fedora-gcc, r-devel-windows-x86_64, r-patched-linux-x86_64, r-release-linux-x86_64, r-release-macos-arm64, r-release-windows-x86_64
Version: 0.5-16
Check: package dependencies
Result: NOTE
Packages suggested but not available for checking:
'quantreg', 'semTools', 'OpenMx', 'copula'
Flavor: r-oldrel-macos-x86_64
Version: 0.5-16
Check: Rd cross-references
Result: NOTE
Package unavailable to check Rd xrefs: ‘copula’
Flavor: r-oldrel-macos-x86_64