Last updated on 2024-05-16 06:12:45 CEST.
Flavor | Version | Tinstall | Tcheck | Ttotal | Status | Flags |
---|---|---|---|---|---|---|
r-devel-linux-x86_64-debian-clang | 1.0.4 | 10.92 | 82.99 | 93.91 | NOTE | |
r-devel-linux-x86_64-debian-gcc | 1.0.4 | 7.14 | 59.84 | 66.98 | NOTE | |
r-devel-linux-x86_64-fedora-clang | 1.0.4 | 112.73 | NOTE | |||
r-devel-linux-x86_64-fedora-gcc | 1.0.4 | 153.54 | NOTE | |||
r-devel-windows-x86_64 | 1.0.4 | 10.00 | 88.00 | 98.00 | OK | |
r-patched-linux-x86_64 | 1.0.4 | 8.86 | 75.83 | 84.69 | NOTE | |
r-release-linux-x86_64 | 1.0.4 | 7.68 | 76.13 | 83.81 | NOTE | |
r-release-macos-arm64 | 1.0.4 | 33.00 | OK | |||
r-release-windows-x86_64 | 1.0.4 | 10.00 | 91.00 | 101.00 | OK | |
r-oldrel-macos-arm64 | 1.0.4 | 36.00 | OK | |||
r-oldrel-macos-x86_64 | 1.0.4 | 52.00 | OK | |||
r-oldrel-windows-x86_64 | 1.0.4 | 12.00 | 99.00 | 111.00 | OK |
Version: 1.0.4
Check: for non-standard things in the check directory
Result: NOTE
Found the following files/directories:
‘test.csv’
Flavors: r-devel-linux-x86_64-debian-clang, r-devel-linux-x86_64-debian-gcc, r-devel-linux-x86_64-fedora-clang, r-devel-linux-x86_64-fedora-gcc, r-patched-linux-x86_64, r-release-linux-x86_64