Last updated on 2024-06-14 05:00:07 CEST.
Flavor | Version | Tinstall | Tcheck | Ttotal | Status | Flags |
---|---|---|---|---|---|---|
r-devel-linux-x86_64-debian-clang | 1.3-0 | 14.27 | 89.81 | 104.08 | OK | |
r-devel-linux-x86_64-debian-gcc | 1.3-0 | 0.36 | 1.64 | 2.00 | ERROR | |
r-devel-linux-x86_64-fedora-clang | 1.3-0 | 129.71 | OK | |||
r-devel-linux-x86_64-fedora-gcc | 1.3-0 | 127.04 | OK | |||
r-devel-windows-x86_64 | 1.3-0 | 13.00 | 96.00 | 109.00 | OK | |
r-patched-linux-x86_64 | 1.3-0 | 10.19 | 100.65 | 110.84 | OK | |
r-release-linux-x86_64 | 1.3-0 | 7.98 | 92.84 | 100.82 | OK | |
r-release-macos-arm64 | 1.3-0 | 49.00 | OK | |||
r-release-macos-x86_64 | 1.3-0 | 68.00 | OK | |||
r-release-windows-x86_64 | 1.3-0 | 12.00 | 81.00 | 93.00 | OK | |
r-oldrel-macos-arm64 | 1.3-0 | 52.00 | OK | |||
r-oldrel-macos-x86_64 | 1.3-0 | 135.00 | OK | |||
r-oldrel-windows-x86_64 | 1.3-0 | 17.00 | 103.00 | 120.00 | OK |
Version: 1.3-0
Check: package dependencies
Result: ERROR
Package required but not available: ‘GDINA’
See section ‘The DESCRIPTION file’ in the ‘Writing R Extensions’
manual.
Flavor: r-devel-linux-x86_64-debian-gcc