Last updated on 2024-06-14 05:00:07 CEST.
Flavor | Version | Tinstall | Tcheck | Ttotal | Status | Flags |
---|---|---|---|---|---|---|
r-devel-linux-x86_64-debian-clang | 1.1.1 | 6.17 | 93.48 | 99.65 | NOTE | |
r-devel-linux-x86_64-debian-gcc | 1.1.1 | 0.38 | 1.56 | 1.94 | ERROR | |
r-devel-linux-x86_64-fedora-clang | 1.1.1 | 125.52 | NOTE | |||
r-devel-linux-x86_64-fedora-gcc | 1.1.1 | 122.10 | NOTE | |||
r-devel-windows-x86_64 | 1.1.1 | 7.00 | 95.00 | 102.00 | NOTE | |
r-patched-linux-x86_64 | 1.1.1 | 6.14 | 91.66 | 97.80 | NOTE | |
r-release-linux-x86_64 | 1.1.1 | 4.01 | 89.43 | 93.44 | NOTE | |
r-release-macos-arm64 | 1.1.1 | 39.00 | NOTE | |||
r-release-macos-x86_64 | 1.1.1 | 57.00 | NOTE | |||
r-release-windows-x86_64 | 1.1.1 | 7.00 | 103.00 | 110.00 | NOTE | |
r-oldrel-macos-arm64 | 1.1.1 | 39.00 | OK | |||
r-oldrel-macos-x86_64 | 1.1.1 | 63.00 | OK | |||
r-oldrel-windows-x86_64 | 1.1.1 | 7.00 | 113.00 | 120.00 | OK |
Version: 1.1.1
Check: Rd files
Result: NOTE
checkRd: (-1) AmpliconDuo-package.Rd:37-39: Lost braces in \itemize; meant \describe ?
checkRd: (-1) AmpliconDuo-package.Rd:40-42: Lost braces in \itemize; meant \describe ?
checkRd: (-1) AmpliconDuo-package.Rd:43-46: Lost braces in \itemize; meant \describe ?
checkRd: (-1) AmpliconDuo-package.Rd:47-49: Lost braces in \itemize; meant \describe ?
checkRd: (-1) AmpliconDuo-package.Rd:50-52: Lost braces in \itemize; meant \describe ?
checkRd: (-1) AmpliconDuo-package.Rd:53-55: Lost braces in \itemize; meant \describe ?
checkRd: (-1) AmpliconDuo-package.Rd:56-58: Lost braces in \itemize; meant \describe ?
Flavors: r-devel-linux-x86_64-debian-clang, r-devel-linux-x86_64-fedora-clang, r-devel-linux-x86_64-fedora-gcc, r-devel-windows-x86_64, r-patched-linux-x86_64, r-release-linux-x86_64, r-release-macos-arm64, r-release-macos-x86_64, r-release-windows-x86_64
Version: 1.1.1
Check: package dependencies
Result: ERROR
Package required but not available: ‘ggplot2’
See section ‘The DESCRIPTION file’ in the ‘Writing R Extensions’
manual.
Flavor: r-devel-linux-x86_64-debian-gcc