Last updated on 2024-06-14 05:00:12 CEST.
Flavor | Version | Tinstall | Tcheck | Ttotal | Status | Flags |
---|---|---|---|---|---|---|
r-devel-linux-x86_64-debian-clang | 1.2.7 | 9.82 | 110.28 | 120.10 | OK | |
r-devel-linux-x86_64-debian-gcc | 1.2.7 | 0.38 | 1.90 | 2.28 | ERROR | |
r-devel-linux-x86_64-fedora-clang | 1.2.7 | 151.42 | NOTE | |||
r-devel-linux-x86_64-fedora-gcc | 1.2.7 | 154.27 | OK | |||
r-devel-windows-x86_64 | 1.2.7 | 11.00 | 121.00 | 132.00 | OK | |
r-patched-linux-x86_64 | 1.2.7 | 10.06 | 103.92 | 113.98 | OK | |
r-release-linux-x86_64 | 1.2.7 | 10.07 | 105.21 | 115.28 | OK | |
r-release-macos-arm64 | 1.2.7 | 49.00 | OK | |||
r-release-macos-x86_64 | 1.2.7 | 79.00 | OK | |||
r-release-windows-x86_64 | 1.2.7 | 12.00 | 134.00 | 146.00 | OK | |
r-oldrel-macos-arm64 | 1.2.7 | 52.00 | OK | |||
r-oldrel-macos-x86_64 | 1.2.7 | 83.00 | OK | |||
r-oldrel-windows-x86_64 | 1.2.7 | 13.00 | 133.00 | 146.00 | OK |
Version: 1.2.7
Check: package dependencies
Result: ERROR
Package required but not available: ‘LambertW’
See section ‘The DESCRIPTION file’ in the ‘Writing R Extensions’
manual.
Flavor: r-devel-linux-x86_64-debian-gcc
Version: 1.2.7
Check: Rd cross-references
Result: NOTE
Undeclared package ‘copula’ in Rd xrefs
Flavor: r-devel-linux-x86_64-fedora-clang