Last updated on 2024-06-14 05:00:13 CEST.
Flavor | Version | Tinstall | Tcheck | Ttotal | Status | Flags |
---|---|---|---|---|---|---|
r-devel-linux-x86_64-debian-clang | 0.4.2 | 5.74 | 58.48 | 64.22 | OK | |
r-devel-linux-x86_64-debian-gcc | 0.4.2 | 0.39 | 1.63 | 2.02 | ERROR | |
r-devel-linux-x86_64-fedora-clang | 0.4.2 | 80.84 | OK | |||
r-devel-linux-x86_64-fedora-gcc | 0.4.2 | 79.71 | OK | |||
r-devel-windows-x86_64 | 0.4.2 | 7.00 | 67.00 | 74.00 | OK | |
r-patched-linux-x86_64 | 0.4.2 | 7.62 | 55.90 | 63.52 | OK | |
r-release-linux-x86_64 | 0.4.2 | 6.27 | 56.56 | 62.83 | OK | |
r-release-macos-arm64 | 0.4.2 | 30.00 | OK | |||
r-release-macos-x86_64 | 0.4.2 | 45.00 | OK | |||
r-release-windows-x86_64 | 0.4.2 | 9.00 | 102.00 | 111.00 | FAIL | |
r-oldrel-macos-arm64 | 0.4.2 | 31.00 | OK | |||
r-oldrel-macos-x86_64 | 0.4.2 | 46.00 | OK | |||
r-oldrel-windows-x86_64 | 0.4.2 | 9.00 | 76.00 | 85.00 | OK |
Version: 0.4.2
Check: package dependencies
Result: ERROR
Package required but not available: ‘ggplot2’
See section ‘The DESCRIPTION file’ in the ‘Writing R Extensions’
manual.
Flavor: r-devel-linux-x86_64-debian-gcc
Version: 0.4.2
Check: HTML version of manual
Result: FAIL
Flavor: r-release-windows-x86_64