Last updated on 2024-06-14 05:00:15 CEST.
Flavor | Version | Tinstall | Tcheck | Ttotal | Status | Flags |
---|---|---|---|---|---|---|
r-devel-linux-x86_64-debian-clang | 1.0.9 | 9.49 | 67.96 | 77.45 | OK | |
r-devel-linux-x86_64-debian-gcc | 1.0.9 | 0.39 | 1.59 | 1.98 | ERROR | |
r-devel-linux-x86_64-fedora-clang | 1.0.9 | 105.13 | OK | |||
r-devel-linux-x86_64-fedora-gcc | 1.0.9 | 91.30 | OK | |||
r-devel-windows-x86_64 | 1.0.9 | 7.00 | 70.00 | 77.00 | OK | |
r-patched-linux-x86_64 | 1.0.9 | 8.33 | 64.43 | 72.76 | OK | |
r-release-linux-x86_64 | 1.0.9 | 6.17 | 64.41 | 70.58 | OK | |
r-release-macos-arm64 | 1.0.9 | 32.00 | OK | |||
r-release-macos-x86_64 | 1.0.9 | 63.00 | OK | |||
r-release-windows-x86_64 | 1.0.9 | 8.00 | 71.00 | 79.00 | OK | |
r-oldrel-macos-arm64 | 1.0.9 | 31.00 | OK | |||
r-oldrel-macos-x86_64 | 1.0.9 | 64.00 | OK | |||
r-oldrel-windows-x86_64 | 1.0.9 | 10.00 | 81.00 | 91.00 | OK |
Version: 1.0.9
Check: package dependencies
Result: ERROR
Packages required but not available:
'RSQLite', 'dbplyr', 'dplyr', 'httr2', 'purrr', 'readr', 'readxl',
'rvest', 'stringr', 'tibble', 'tidyr', 'tidyselect'
Packages suggested but not available for checking: 'testthat', 'webchem'
See section ‘The DESCRIPTION file’ in the ‘Writing R Extensions’
manual.
Flavor: r-devel-linux-x86_64-debian-gcc