Last updated on 2024-06-14 05:00:17 CEST.
Flavor | Version | Tinstall | Tcheck | Ttotal | Status | Flags |
---|---|---|---|---|---|---|
r-devel-linux-x86_64-debian-clang | 1.1.1 | 19.49 | 108.51 | 128.00 | OK | |
r-devel-linux-x86_64-debian-gcc | 1.1.1 | 0.73 | 1.55 | 2.28 | ERROR | |
r-devel-linux-x86_64-fedora-clang | 1.1.1 | 159.91 | NOTE | |||
r-devel-linux-x86_64-fedora-gcc | 1.1.1 | 148.26 | OK | |||
r-devel-windows-x86_64 | 1.1.1 | 17.00 | 91.00 | 108.00 | NOTE | |
r-patched-linux-x86_64 | 1.1.1 | 26.44 | 103.53 | 129.97 | OK | |
r-release-linux-x86_64 | 1.1.1 | 15.04 | 99.72 | 114.76 | OK | |
r-release-macos-arm64 | 1.1.1 | 35.00 | NOTE | |||
r-release-macos-x86_64 | 1.1.1 | 76.00 | NOTE | |||
r-release-windows-x86_64 | 1.1.1 | 17.00 | 98.00 | 115.00 | NOTE | |
r-oldrel-macos-arm64 | 1.1.1 | 51.00 | NOTE | |||
r-oldrel-macos-x86_64 | 1.1.1 | 81.00 | NOTE | |||
r-oldrel-windows-x86_64 | 1.1.1 | 24.00 | 111.00 | 135.00 | NOTE |
Version: 1.1.1
Check: package dependencies
Result: ERROR
Package required but not available: ‘respirometry’
See section ‘The DESCRIPTION file’ in the ‘Writing R Extensions’
manual.
Flavor: r-devel-linux-x86_64-debian-gcc
Version: 1.1.1
Check: installed package size
Result: NOTE
installed size is 5.5Mb
sub-directories of 1Mb or more:
data 1.3Mb
extdata 3.8Mb
Flavors: r-devel-linux-x86_64-fedora-clang, r-devel-windows-x86_64, r-release-macos-arm64, r-release-macos-x86_64, r-release-windows-x86_64, r-oldrel-macos-arm64, r-oldrel-macos-x86_64, r-oldrel-windows-x86_64