Last updated on 2024-06-14 05:00:21 CEST.
Flavor | Version | Tinstall | Tcheck | Ttotal | Status | Flags |
---|---|---|---|---|---|---|
r-devel-linux-x86_64-debian-clang | 1.2 | 2.71 | 28.35 | 31.06 | OK | |
r-devel-linux-x86_64-debian-gcc | 1.2 | 0.30 | 1.69 | 1.99 | ERROR | |
r-devel-linux-x86_64-fedora-clang | 1.2 | 38.53 | OK | |||
r-devel-linux-x86_64-fedora-gcc | 1.2 | 37.45 | OK | |||
r-devel-windows-x86_64 | 1.2 | 3.00 | 44.00 | 47.00 | OK | |
r-patched-linux-x86_64 | 1.2 | 1.75 | 26.98 | 28.73 | OK | |
r-release-linux-x86_64 | 1.2 | 1.70 | 27.54 | 29.24 | OK | |
r-release-macos-arm64 | 1.2 | 18.00 | OK | |||
r-release-macos-x86_64 | 1.2 | 24.00 | OK | |||
r-release-windows-x86_64 | 1.2 | 4.00 | 44.00 | 48.00 | OK | |
r-oldrel-macos-arm64 | 1.2 | 18.00 | OK | |||
r-oldrel-macos-x86_64 | 1.2 | 22.00 | OK | |||
r-oldrel-windows-x86_64 | 1.2 | 4.00 | 45.00 | 49.00 | OK |
Version: 1.2
Check: package dependencies
Result: ERROR
Package required but not available: ‘nloptr’
See section ‘The DESCRIPTION file’ in the ‘Writing R Extensions’
manual.
Flavor: r-devel-linux-x86_64-debian-gcc