Last updated on 2024-06-14 05:00:27 CEST.
Flavor | Version | Tinstall | Tcheck | Ttotal | Status | Flags |
---|---|---|---|---|---|---|
r-devel-linux-x86_64-debian-clang | 0.1.0 | 8.20 | 99.38 | 107.58 | OK | |
r-devel-linux-x86_64-debian-gcc | 0.1.0 | 0.24 | 1.71 | 1.95 | ERROR | |
r-devel-linux-x86_64-fedora-clang | 0.1.0 | 126.48 | OK | |||
r-devel-linux-x86_64-fedora-gcc | 0.1.0 | 122.00 | OK | |||
r-devel-windows-x86_64 | 0.1.0 | 7.00 | 92.00 | 99.00 | OK | |
r-patched-linux-x86_64 | 0.1.0 | 5.29 | 96.60 | 101.89 | OK | |
r-release-linux-x86_64 | 0.1.0 | 5.12 | 92.12 | 97.24 | OK | |
r-release-macos-arm64 | 0.1.0 | 38.00 | OK | |||
r-release-macos-x86_64 | 0.1.0 | 55.00 | OK | |||
r-release-windows-x86_64 | 0.1.0 | 8.00 | 93.00 | 101.00 | OK | |
r-oldrel-macos-arm64 | 0.1.0 | 40.00 | OK | |||
r-oldrel-macos-x86_64 | 0.1.0 | 77.00 | OK | |||
r-oldrel-windows-x86_64 | 0.1.0 | 10.00 | 110.00 | 120.00 | OK |
Version: 0.1.0
Check: package dependencies
Result: ERROR
Package required but not available: ‘nloptr’
See section ‘The DESCRIPTION file’ in the ‘Writing R Extensions’
manual.
Flavor: r-devel-linux-x86_64-debian-gcc