Last updated on 2024-06-14 05:00:29 CEST.
Flavor | Version | Tinstall | Tcheck | Ttotal | Status | Flags |
---|---|---|---|---|---|---|
r-devel-linux-x86_64-debian-clang | 0.1.0 | 1.83 | 20.06 | 21.89 | NOTE | |
r-devel-linux-x86_64-debian-gcc | 0.1.0 | 1.50 | 15.98 | 17.48 | NOTE | |
r-devel-linux-x86_64-fedora-clang | 0.1.0 | 29.09 | NOTE | |||
r-devel-linux-x86_64-fedora-gcc | 0.1.0 | 26.55 | NOTE | |||
r-devel-windows-x86_64 | 0.1.0 | 2.00 | 37.00 | 39.00 | NOTE | |
r-patched-linux-x86_64 | 0.1.0 | 1.83 | 19.74 | 21.57 | NOTE | |
r-release-linux-x86_64 | 0.1.0 | 1.86 | 19.80 | 21.66 | NOTE | |
r-release-macos-arm64 | 0.1.0 | 14.00 | NOTE | |||
r-release-macos-x86_64 | 0.1.0 | 19.00 | NOTE | |||
r-release-windows-x86_64 | 0.1.0 | 3.00 | 38.00 | 41.00 | NOTE | |
r-oldrel-macos-arm64 | 0.1.0 | 14.00 | NOTE | |||
r-oldrel-macos-x86_64 | 0.1.0 | 18.00 | NOTE | |||
r-oldrel-windows-x86_64 | 0.1.0 | 3.00 | 40.00 | 43.00 | NOTE |
Version: 0.1.0
Check: LazyData
Result: NOTE
'LazyData' is specified without a 'data' directory
Flavors: r-devel-linux-x86_64-debian-clang, r-devel-linux-x86_64-debian-gcc, r-devel-linux-x86_64-fedora-clang, r-devel-linux-x86_64-fedora-gcc, r-devel-windows-x86_64, r-patched-linux-x86_64, r-release-linux-x86_64, r-release-macos-arm64, r-release-macos-x86_64, r-release-windows-x86_64, r-oldrel-macos-arm64, r-oldrel-macos-x86_64, r-oldrel-windows-x86_64
Version: 0.1.0
Check: package dependencies
Result: NOTE
Package suggested but not available for checking: ‘ggplot2’
Flavor: r-devel-linux-x86_64-debian-gcc