Last updated on 2024-06-14 05:00:29 CEST.
Flavor | Version | Tinstall | Tcheck | Ttotal | Status | Flags |
---|---|---|---|---|---|---|
r-devel-linux-x86_64-debian-clang | 0.1.6 | 9.82 | 77.74 | 87.56 | NOTE | |
r-devel-linux-x86_64-debian-gcc | 0.1.6 | 0.31 | 1.67 | 1.98 | ERROR | |
r-devel-linux-x86_64-fedora-clang | 0.1.6 | 116.09 | NOTE | |||
r-devel-linux-x86_64-fedora-gcc | 0.1.6 | 99.94 | NOTE | |||
r-devel-windows-x86_64 | 0.1.6 | 8.00 | 77.00 | 85.00 | OK | |
r-patched-linux-x86_64 | 0.1.6 | 9.46 | 73.88 | 83.34 | NOTE | |
r-release-linux-x86_64 | 0.1.6 | 5.20 | 71.65 | 76.85 | NOTE | |
r-release-macos-arm64 | 0.1.6 | 36.00 | OK | |||
r-release-macos-x86_64 | 0.1.6 | 51.00 | OK | |||
r-release-windows-x86_64 | 0.1.6 | 9.00 | 78.00 | 87.00 | OK | |
r-oldrel-macos-arm64 | 0.1.6 | 35.00 | OK | |||
r-oldrel-macos-x86_64 | 0.1.6 | 48.00 | OK | |||
r-oldrel-windows-x86_64 | 0.1.6 | 11.00 | 92.00 | 103.00 | OK |
Version: 0.1.6
Check: for non-standard things in the check directory
Result: NOTE
Found the following files/directories:
‘P2Run.csv’ ‘P2Run.html’ ‘P2Run.png’
Flavors: r-devel-linux-x86_64-debian-clang, r-devel-linux-x86_64-fedora-clang, r-devel-linux-x86_64-fedora-gcc, r-patched-linux-x86_64, r-release-linux-x86_64
Version: 0.1.6
Check: package dependencies
Result: ERROR
Packages required but not available:
'dplyr', 'ggdendro', 'ggplot2', 'plotly', 'reshape2', 'stringr'
See section ‘The DESCRIPTION file’ in the ‘Writing R Extensions’
manual.
Flavor: r-devel-linux-x86_64-debian-gcc