Last updated on 2024-06-14 05:00:32 CEST.
Flavor | Version | Tinstall | Tcheck | Ttotal | Status | Flags |
---|---|---|---|---|---|---|
r-devel-linux-x86_64-debian-clang | 2.1.0 | 5.81 | 54.58 | 60.39 | OK | |
r-devel-linux-x86_64-debian-gcc | 2.1.0 | 0.22 | 1.74 | 1.96 | ERROR | |
r-devel-linux-x86_64-fedora-clang | 2.1.0 | 81.15 | OK | |||
r-devel-linux-x86_64-fedora-gcc | 2.1.0 | 74.91 | OK | |||
r-devel-windows-x86_64 | 2.1.0 | 7.00 | 66.00 | 73.00 | OK | |
r-patched-linux-x86_64 | 2.1.0 | 4.09 | 53.23 | 57.32 | OK | |
r-release-linux-x86_64 | 2.1.0 | 4.35 | 51.43 | 55.78 | OK | |
r-release-macos-arm64 | 2.1.0 | 25.00 | OK | |||
r-release-macos-x86_64 | 2.1.0 | 37.00 | OK | |||
r-release-windows-x86_64 | 2.1.0 | 6.00 | 59.00 | 65.00 | OK | |
r-oldrel-macos-arm64 | 2.1.0 | 267.00 | OK | |||
r-oldrel-macos-x86_64 | 2.1.0 | 63.00 | OK | |||
r-oldrel-windows-x86_64 | 2.1.0 | 10.00 | 67.00 | 77.00 | OK |
Version: 2.1.0
Check: package dependencies
Result: ERROR
Packages required but not available:
'dplyr', 'stringr', 'readr', 'tibble', 'haven'
See section ‘The DESCRIPTION file’ in the ‘Writing R Extensions’
manual.
Flavor: r-devel-linux-x86_64-debian-gcc