Last updated on 2024-06-14 05:00:34 CEST.
Flavor | Version | Tinstall | Tcheck | Ttotal | Status | Flags |
---|---|---|---|---|---|---|
r-devel-linux-x86_64-debian-clang | 1.0-4 | 1.65 | 40.43 | 42.08 | OK | |
r-devel-linux-x86_64-debian-gcc | 1.0-4 | 1.64 | 17.57 | 19.21 | ERROR | |
r-devel-linux-x86_64-fedora-clang | 1.0-4 | 54.40 | OK | |||
r-devel-linux-x86_64-fedora-gcc | 1.0-4 | 66.97 | OK | |||
r-devel-windows-x86_64 | 1.0-4 | 3.00 | 78.00 | 81.00 | OK | |
r-patched-linux-x86_64 | 1.0-4 | 2.61 | 39.30 | 41.91 | OK | |
r-release-linux-x86_64 | 1.0-4 | 1.64 | 39.52 | 41.16 | OK | |
r-release-macos-arm64 | 1.0-4 | 24.00 | OK | |||
r-release-macos-x86_64 | 1.0-4 | 43.00 | OK | |||
r-release-windows-x86_64 | 1.0-4 | 3.00 | 77.00 | 80.00 | OK | |
r-oldrel-macos-arm64 | 1.0-4 | 29.00 | OK | |||
r-oldrel-macos-x86_64 | 1.0-4 | 44.00 | OK | |||
r-oldrel-windows-x86_64 | 1.0-4 | 3.00 | 74.00 | 77.00 | OK |
Version: 1.0-4
Check: package dependencies
Result: NOTE
Package suggested but not available for checking: ‘lme4’
Flavor: r-devel-linux-x86_64-debian-gcc
Version: 1.0-4
Check: re-building of vignette outputs
Result: ERROR
Error(s) in re-building vignettes:
...
--- re-building ‘Usinglmer.Rnw’ using Sweave
Error: processing vignette 'Usinglmer.Rnw' failed with diagnostics:
chunk 1 (label = preliminaries)
Error in library(lme4) : there is no package called ‘lme4’
--- failed re-building ‘Usinglmer.Rnw’
SUMMARY: processing the following file failed:
‘Usinglmer.Rnw’
Error: Vignette re-building failed.
Execution halted
Flavor: r-devel-linux-x86_64-debian-gcc