Last updated on 2024-06-17 04:49:02 CEST.
Flavor | Version | Tinstall | Tcheck | Ttotal | Status | Flags |
---|---|---|---|---|---|---|
r-devel-linux-x86_64-debian-clang | 1.2 | 4.40 | 40.70 | 45.10 | NOTE | |
r-devel-linux-x86_64-debian-gcc | 1.2 | 3.99 | 30.72 | 34.71 | NOTE | |
r-devel-linux-x86_64-fedora-clang | 1.2 | 56.52 | NOTE | |||
r-devel-linux-x86_64-fedora-gcc | 1.2 | 53.61 | NOTE | |||
r-devel-windows-x86_64 | 1.2 | 6.00 | 56.00 | 62.00 | NOTE | |
r-patched-linux-x86_64 | 1.2 | 5.69 | 38.21 | 43.90 | NOTE | |
r-release-linux-x86_64 | 1.2 | 3.86 | 38.37 | 42.23 | NOTE | |
r-release-macos-arm64 | 1.2 | 24.00 | NOTE | |||
r-release-macos-x86_64 | 1.2 | 48.00 | NOTE | |||
r-release-windows-x86_64 | 1.2 | 6.00 | 55.00 | 61.00 | NOTE | |
r-oldrel-macos-arm64 | 1.2 | 22.00 | OK | |||
r-oldrel-macos-x86_64 | 1.2 | 32.00 | OK | |||
r-oldrel-windows-x86_64 | 1.2 | 7.00 | 61.00 | 68.00 | OK |
Version: 1.2
Check: Rd files
Result: NOTE
checkRd: (-1) powderymildew.Rd:14-16: Lost braces
14 | \code{$demographic.coord}{
| ^
checkRd: (-1) powderymildew.Rd:18-20: Lost braces
18 | \code{$genetic.coord}{
| ^
checkRd: (-1) powderymildew.Rd:22-24: Lost braces
22 | \code{$demographic.measures}{
| ^
checkRd: (-1) powderymildew.Rd:26-28: Lost braces
26 | \code{$genetic.frequencies}{
| ^
Flavors: r-devel-linux-x86_64-debian-clang, r-devel-linux-x86_64-debian-gcc, r-devel-linux-x86_64-fedora-clang, r-devel-linux-x86_64-fedora-gcc, r-devel-windows-x86_64, r-patched-linux-x86_64, r-release-linux-x86_64, r-release-macos-arm64, r-release-macos-x86_64, r-release-windows-x86_64