Last updated on 2024-06-14 05:00:38 CEST.
Flavor | Version | Tinstall | Tcheck | Ttotal | Status | Flags |
---|---|---|---|---|---|---|
r-devel-linux-x86_64-debian-clang | 1.0.2 | 25.96 | 147.38 | 173.34 | OK | |
r-devel-linux-x86_64-debian-gcc | 1.0.2 | 0.34 | 1.79 | 2.13 | ERROR | |
r-devel-linux-x86_64-fedora-clang | 1.0.2 | 213.08 | OK | |||
r-devel-linux-x86_64-fedora-gcc | 1.0.2 | 201.93 | OK | |||
r-devel-windows-x86_64 | 1.0.2 | 14.00 | 285.00 | 299.00 | OK | |
r-patched-linux-x86_64 | 1.0.2 | 15.08 | 139.16 | 154.24 | OK | |
r-release-linux-x86_64 | 1.0.2 | 15.07 | 138.90 | 153.97 | OK | |
r-release-macos-arm64 | 1.0.2 | 85.00 | OK | |||
r-release-macos-x86_64 | 1.0.2 | 102.00 | OK | |||
r-release-windows-x86_64 | 1.0.2 | 14.00 | 352.00 | 366.00 | OK | |
r-oldrel-macos-arm64 | 1.0.2 | 60.00 | OK | |||
r-oldrel-macos-x86_64 | 1.0.2 | 193.00 | OK | |||
r-oldrel-windows-x86_64 | 1.0.2 | 18.00 | 136.00 | 154.00 | OK |
Version: 1.0.2
Check: package dependencies
Result: ERROR
Packages required but not available: 'arulesViz', 'ggplot2'
See section ‘The DESCRIPTION file’ in the ‘Writing R Extensions’
manual.
Flavor: r-devel-linux-x86_64-debian-gcc