Last updated on 2024-06-14 05:00:10 CEST.
Flavor | Version | Tinstall | Tcheck | Ttotal | Status | Flags |
---|---|---|---|---|---|---|
r-devel-linux-x86_64-debian-clang | 0.3.1 | 5.52 | 51.30 | 56.82 | NOTE | |
r-devel-linux-x86_64-debian-gcc | 0.3.1 | 0.35 | 1.56 | 1.91 | ERROR | |
r-devel-linux-x86_64-fedora-clang | 0.3.1 | 72.29 | NOTE | |||
r-devel-linux-x86_64-fedora-gcc | 0.3.1 | 68.83 | NOTE | |||
r-devel-windows-x86_64 | 0.3.1 | 6.00 | 54.00 | 60.00 | NOTE | |
r-patched-linux-x86_64 | 0.3.1 | 5.02 | 48.77 | 53.79 | NOTE | |
r-release-linux-x86_64 | 0.3.1 | 5.67 | 49.34 | 55.01 | NOTE | |
r-release-macos-arm64 | 0.3.1 | 23.00 | NOTE | |||
r-release-macos-x86_64 | 0.3.1 | 36.00 | NOTE | |||
r-release-windows-x86_64 | 0.3.1 | 6.00 | 56.00 | 62.00 | NOTE | |
r-oldrel-macos-arm64 | 0.3.1 | 23.00 | NOTE | |||
r-oldrel-macos-x86_64 | 0.3.1 | 36.00 | NOTE | |||
r-oldrel-windows-x86_64 | 0.3.1 | 9.00 | 60.00 | 69.00 | NOTE |
Version: 0.3.1
Check: LazyData
Result: NOTE
'LazyData' is specified without a 'data' directory
Flavors: r-devel-linux-x86_64-debian-clang, r-devel-linux-x86_64-fedora-clang, r-devel-linux-x86_64-fedora-gcc, r-devel-windows-x86_64, r-patched-linux-x86_64, r-release-linux-x86_64, r-release-macos-arm64, r-release-macos-x86_64, r-release-windows-x86_64, r-oldrel-macos-arm64, r-oldrel-macos-x86_64, r-oldrel-windows-x86_64
Version: 0.3.1
Check: package dependencies
Result: ERROR
Packages required but not available: 'lubridate', 'tibble'
Package suggested but not available for checking: ‘testthat’
See section ‘The DESCRIPTION file’ in the ‘Writing R Extensions’
manual.
Flavor: r-devel-linux-x86_64-debian-gcc