Last updated on 2024-06-14 05:00:11 CEST.
Flavor | Version | Tinstall | Tcheck | Ttotal | Status | Flags |
---|---|---|---|---|---|---|
r-devel-linux-x86_64-debian-clang | 0.2.0 | 9.27 | 111.99 | 121.26 | NOTE | |
r-devel-linux-x86_64-debian-gcc | 0.2.0 | 0.24 | 1.58 | 1.82 | ERROR | |
r-devel-linux-x86_64-fedora-clang | 0.2.0 | 150.61 | NOTE | |||
r-devel-linux-x86_64-fedora-gcc | 0.2.0 | 141.31 | NOTE | |||
r-devel-windows-x86_64 | 0.2.0 | 10.00 | 88.00 | 98.00 | NOTE | |
r-patched-linux-x86_64 | 0.2.0 | 9.48 | 103.63 | 113.11 | NOTE | |
r-release-linux-x86_64 | 0.2.0 | 8.38 | 104.50 | 112.88 | NOTE | |
r-release-macos-arm64 | 0.2.0 | 41.00 | NOTE | |||
r-release-macos-x86_64 | 0.2.0 | 67.00 | NOTE | |||
r-release-windows-x86_64 | 0.2.0 | 12.00 | 88.00 | 100.00 | NOTE | |
r-oldrel-macos-arm64 | 0.2.0 | 47.00 | NOTE | |||
r-oldrel-macos-x86_64 | 0.2.0 | 75.00 | NOTE | |||
r-oldrel-windows-x86_64 | 0.2.0 | 14.00 | 107.00 | 121.00 | NOTE |
Version: 0.2.0
Check: package dependencies
Result: NOTE
Package suggested but not available for checking: ‘disttree’
Flavors: r-devel-linux-x86_64-debian-clang, r-devel-linux-x86_64-fedora-clang, r-devel-linux-x86_64-fedora-gcc, r-devel-windows-x86_64, r-patched-linux-x86_64, r-release-linux-x86_64, r-release-macos-arm64, r-release-macos-x86_64, r-release-windows-x86_64, r-oldrel-macos-arm64, r-oldrel-macos-x86_64, r-oldrel-windows-x86_64
Version: 0.2.0
Check: package dependencies
Result: ERROR
Packages required but not available: 'ggplot2', 'ggparty', 'ggtext'
Package suggested but not available for checking: ‘disttree’
See section ‘The DESCRIPTION file’ in the ‘Writing R Extensions’
manual.
Flavor: r-devel-linux-x86_64-debian-gcc