Last updated on 2024-06-14 05:00:14 CEST.
Flavor | Version | Tinstall | Tcheck | Ttotal | Status | Flags |
---|---|---|---|---|---|---|
r-devel-linux-x86_64-debian-clang | 1.2-1 | 4.17 | 38.12 | 42.29 | NOTE | |
r-devel-linux-x86_64-debian-gcc | 1.2-1 | 3.10 | 27.84 | 30.94 | NOTE | |
r-devel-linux-x86_64-fedora-clang | 1.2-1 | 50.27 | NOTE | |||
r-devel-linux-x86_64-fedora-gcc | 1.2-1 | 47.59 | NOTE | |||
r-devel-windows-x86_64 | 1.2-1 | 3.00 | 46.00 | 49.00 | NOTE | |
r-patched-linux-x86_64 | 1.2-1 | 4.45 | 35.41 | 39.86 | NOTE | |
r-release-linux-x86_64 | 1.2-1 | 4.13 | 35.83 | 39.96 | NOTE | |
r-release-macos-arm64 | 1.2-1 | 18.00 | NOTE | |||
r-release-macos-x86_64 | 1.2-1 | 27.00 | NOTE | |||
r-release-windows-x86_64 | 1.2-1 | 4.00 | 45.00 | 49.00 | NOTE | |
r-oldrel-macos-arm64 | 1.2-1 | 17.00 | NOTE | |||
r-oldrel-macos-x86_64 | 1.2-1 | 28.00 | NOTE | |||
r-oldrel-windows-x86_64 | 1.2-1 | 6.00 | 50.00 | 56.00 | NOTE |
Version: 1.2-1
Check: Rd files
Result: NOTE
checkRd: (-1) booter.Rd:68: Escaped LaTeX specials: \&
checkRd: (-1) ci.booted.Rd:53: Escaped LaTeX specials: \&
checkRd: (-1) pbooter.Rd:57: Escaped LaTeX specials: \&
Flavors: r-devel-linux-x86_64-debian-clang, r-devel-linux-x86_64-debian-gcc, r-devel-linux-x86_64-fedora-clang, r-devel-linux-x86_64-fedora-gcc, r-devel-windows-x86_64, r-patched-linux-x86_64, r-release-linux-x86_64, r-release-macos-arm64, r-release-macos-x86_64, r-release-windows-x86_64, r-oldrel-macos-arm64, r-oldrel-macos-x86_64, r-oldrel-windows-x86_64