Last updated on 2024-06-14 05:00:14 CEST.
Flavor | Version | Tinstall | Tcheck | Ttotal | Status | Flags |
---|---|---|---|---|---|---|
r-devel-linux-x86_64-debian-clang | 0.4.0 | 186.60 | 123.85 | 310.45 | NOTE | |
r-devel-linux-x86_64-debian-gcc | 0.4.0 | 0.49 | 1.62 | 2.11 | ERROR | |
r-devel-linux-x86_64-fedora-clang | 0.4.0 | 432.11 | NOTE | |||
r-devel-linux-x86_64-fedora-gcc | 0.4.0 | 449.93 | NOTE | |||
r-devel-windows-x86_64 | 0.4.0 | 137.00 | 127.00 | 264.00 | NOTE | |
r-patched-linux-x86_64 | 0.4.0 | 128.05 | 120.01 | 248.06 | NOTE | |
r-release-linux-x86_64 | 0.4.0 | 165.07 | 120.37 | 285.44 | NOTE | |
r-release-macos-arm64 | 0.4.0 | 89.00 | NOTE | |||
r-release-macos-x86_64 | 0.4.0 | 116.00 | NOTE | |||
r-release-windows-x86_64 | 0.4.0 | 137.00 | 131.00 | 268.00 | NOTE | |
r-oldrel-macos-arm64 | 0.4.0 | 107.00 | NOTE | |||
r-oldrel-macos-x86_64 | 0.4.0 | 172.00 | NOTE | |||
r-oldrel-windows-x86_64 | 0.4.0 | 172.00 | 162.00 | 334.00 | NOTE |
Version: 0.4.0
Check: package dependencies
Result: NOTE
Package suggested but not available for checking: ‘BOLTSSIRR’
Flavors: r-devel-linux-x86_64-debian-clang, r-devel-linux-x86_64-fedora-clang, r-devel-linux-x86_64-fedora-gcc, r-devel-windows-x86_64, r-patched-linux-x86_64, r-release-linux-x86_64, r-release-macos-arm64, r-release-macos-x86_64, r-release-windows-x86_64, r-oldrel-macos-arm64, r-oldrel-macos-x86_64, r-oldrel-windows-x86_64
Version: 0.4.0
Check: package dependencies
Result: ERROR
Packages required but not available: 'ggplot2', 'ggpubr', 'rms'
Packages suggested but not available for checking: 'testthat', 'BOLTSSIRR'
See section ‘The DESCRIPTION file’ in the ‘Writing R Extensions’
manual.
Flavor: r-devel-linux-x86_64-debian-gcc
Version: 0.4.0
Check: installed package size
Result: NOTE
installed size is 9.3Mb
sub-directories of 1Mb or more:
libs 8.9Mb
Flavors: r-release-macos-arm64, r-release-macos-x86_64, r-oldrel-macos-arm64, r-oldrel-macos-x86_64