Last updated on 2024-06-14 05:00:16 CEST.
Flavor | Version | Tinstall | Tcheck | Ttotal | Status | Flags |
---|---|---|---|---|---|---|
r-devel-linux-x86_64-debian-clang | 0.3-4 | 44.86 | 398.39 | 443.25 | OK | |
r-devel-linux-x86_64-debian-gcc | 0.3-4 | 0.49 | 1.60 | 2.09 | ERROR | |
r-devel-linux-x86_64-fedora-clang | 0.3-4 | 551.95 | OK | |||
r-devel-linux-x86_64-fedora-gcc | 0.3-4 | 512.24 | OK | |||
r-devel-windows-x86_64 | 0.3-4 | 39.00 | 285.00 | 324.00 | OK | |
r-patched-linux-x86_64 | 0.3-4 | 48.58 | 378.20 | 426.78 | OK | |
r-release-linux-x86_64 | 0.3-4 | 33.24 | 383.14 | 416.38 | OK | |
r-release-macos-arm64 | 0.3-4 | 106.00 | OK | |||
r-release-macos-x86_64 | 0.3-4 | 204.00 | OK | |||
r-release-windows-x86_64 | 0.3-4 | 43.00 | 284.00 | 327.00 | OK | |
r-oldrel-macos-arm64 | 0.3-4 | 128.00 | OK | |||
r-oldrel-macos-x86_64 | 0.3-4 | 299.00 | OK | |||
r-oldrel-windows-x86_64 | 0.3-4 | 51.00 | 379.00 | 430.00 | OK |
Version: 0.3-4
Check: package dependencies
Result: ERROR
Packages required but not available: 'reshape2', 'ggplot2', 'igraph'
Packages suggested but not available for checking:
'dplyr', 'testthat', 'cowplot'
See section ‘The DESCRIPTION file’ in the ‘Writing R Extensions’
manual.
Flavor: r-devel-linux-x86_64-debian-gcc