Last updated on 2024-06-17 04:48:49 CEST.
Flavor | Version | Tinstall | Tcheck | Ttotal | Status | Flags |
---|---|---|---|---|---|---|
r-devel-linux-x86_64-debian-clang | 1.6.1 | 5.83 | 64.24 | 70.07 | NOTE | |
r-devel-linux-x86_64-debian-gcc | 1.6.1 | 4.09 | 45.60 | 49.69 | NOTE | |
r-devel-linux-x86_64-fedora-clang | 1.6.1 | 85.05 | NOTE | |||
r-devel-linux-x86_64-fedora-gcc | 1.6.1 | 79.32 | NOTE | |||
r-devel-windows-x86_64 | 1.6.1 | 8.00 | 72.00 | 80.00 | OK | |
r-patched-linux-x86_64 | 1.6.1 | 5.82 | 58.39 | 64.21 | NOTE | |
r-release-linux-x86_64 | 1.6.1 | 5.82 | 60.63 | 66.45 | NOTE | |
r-release-macos-arm64 | 1.6.1 | 27.00 | OK | |||
r-release-macos-x86_64 | 1.6.1 | 46.00 | OK | |||
r-release-windows-x86_64 | 1.6.1 | 7.00 | 71.00 | 78.00 | OK | |
r-oldrel-macos-arm64 | 1.6.1 | 29.00 | OK | |||
r-oldrel-macos-x86_64 | 1.6.1 | 46.00 | OK | |||
r-oldrel-windows-x86_64 | 1.6.1 | 10.00 | 84.00 | 94.00 | OK |
Version: 1.6.1
Check: for non-standard things in the check directory
Result: NOTE
Found the following files/directories:
‘test2delete.txt’ ‘test2delete2_values.txt’ ‘test2delete_values.txt’
Flavors: r-devel-linux-x86_64-debian-clang, r-devel-linux-x86_64-debian-gcc, r-devel-linux-x86_64-fedora-clang, r-devel-linux-x86_64-fedora-gcc, r-patched-linux-x86_64, r-release-linux-x86_64