Last updated on 2024-06-15 04:48:45 CEST.
Flavor | Version | Tinstall | Tcheck | Ttotal | Status | Flags |
---|---|---|---|---|---|---|
r-devel-linux-x86_64-debian-clang | 0.1.2 | 129.52 | 34.28 | 163.80 | NOTE | |
r-devel-linux-x86_64-debian-gcc | 0.1.2 | 76.63 | 26.50 | 103.13 | NOTE | |
r-devel-linux-x86_64-fedora-clang | 0.1.2 | 244.16 | NOTE | |||
r-devel-linux-x86_64-fedora-gcc | 0.1.2 | 241.31 | NOTE | |||
r-devel-windows-x86_64 | 0.1.2 | 91.00 | 63.00 | 154.00 | NOTE | |
r-patched-linux-x86_64 | 0.1.2 | 102.24 | 33.00 | 135.24 | NOTE | |
r-release-linux-x86_64 | 0.1.2 | 95.43 | 33.88 | 129.31 | NOTE | |
r-release-macos-arm64 | 0.1.2 | 41.00 | NOTE | |||
r-release-macos-x86_64 | 0.1.2 | 45.00 | NOTE | |||
r-release-windows-x86_64 | 0.1.2 | 90.00 | 78.00 | 168.00 | NOTE | |
r-oldrel-macos-arm64 | 0.1.2 | 49.00 | NOTE | |||
r-oldrel-macos-x86_64 | 0.1.2 | 94.00 | NOTE | |||
r-oldrel-windows-x86_64 | 0.1.2 | 91.00 | 78.00 | 169.00 | NOTE |
Version: 0.1.2
Check: LazyData
Result: NOTE
'LazyData' is specified without a 'data' directory
Flavors: r-devel-linux-x86_64-debian-clang, r-devel-linux-x86_64-debian-gcc, r-devel-linux-x86_64-fedora-clang, r-devel-linux-x86_64-fedora-gcc, r-devel-windows-x86_64, r-patched-linux-x86_64, r-release-linux-x86_64, r-release-macos-arm64, r-release-macos-x86_64, r-release-windows-x86_64, r-oldrel-macos-arm64, r-oldrel-macos-x86_64, r-oldrel-windows-x86_64